CRAN Package Check Results for Package yuima

Last updated on 2025-01-25 02:51:11 CET.

Flavor Version Tinstall Tcheck Ttotal Status Flags
r-devel-linux-x86_64-debian-clang 1.15.27 121.11 205.86 326.97 NOTE
r-devel-linux-x86_64-debian-gcc 1.15.27 75.70 119.47 195.17 NOTE
r-devel-linux-x86_64-fedora-clang 1.15.27 435.35 OK
r-devel-linux-x86_64-fedora-gcc 1.15.27 617.43 OK
r-devel-windows-x86_64 1.15.27 112.00 249.00 361.00 NOTE
r-patched-linux-x86_64 1.15.27 113.88 186.87 300.75 OK
r-release-linux-x86_64 1.15.27 111.93 187.39 299.32 OK
r-release-macos-arm64 1.15.27 119.00 NOTE
r-release-macos-x86_64 1.15.27 208.00 NOTE
r-release-windows-x86_64 1.15.27 110.00 248.00 358.00 OK
r-oldrel-macos-arm64 1.15.27 128.00 NOTE
r-oldrel-macos-x86_64 1.15.27 299.00 NOTE
r-oldrel-windows-x86_64 1.15.27 142.00 310.00 452.00 OK

Check Details

Version: 1.15.27
Check: Rd cross-references
Result: NOTE Found the following Rd file(s) with Rd \link{} targets missing package anchors: cce.factor.Rd: glassoFast cogarch.est.incr.rd: zoo llag.Rd: zoo llag.test.Rd: boot setData.Rd: zoo wllag.Rd: zoo yuima-class.Rd: zoo yuima.carma.qmle-class.Rd: zoo yuima.data-class.Rd: zoo Please provide package anchors for all Rd \link{} targets not in the package itself and the base packages. Flavors: r-devel-linux-x86_64-debian-clang, r-devel-linux-x86_64-debian-gcc, r-devel-windows-x86_64

Version: 1.15.27
Check: installed package size
Result: NOTE installed size is 8.7Mb sub-directories of 1Mb or more: R 3.0Mb libs 4.6Mb Flavors: r-release-macos-arm64, r-release-macos-x86_64, r-oldrel-macos-arm64, r-oldrel-macos-x86_64