Last updated on 2023-02-08 02:57:29 CET.
Flavor | Version | Tinstall | Tcheck | Ttotal | Status | Flags |
---|---|---|---|---|---|---|
r-devel-linux-x86_64-debian-clang | 4.7.2 | 22.03 | 219.39 | 241.42 | NOTE | |
r-devel-linux-x86_64-debian-gcc | 4.7.2 | 19.70 | 158.12 | 177.82 | NOTE | |
r-devel-linux-x86_64-fedora-clang | 4.7.2 | 296.81 | NOTE | |||
r-devel-linux-x86_64-fedora-gcc | 4.7.2 | 302.97 | NOTE | |||
r-devel-windows-x86_64 | 4.7.2 | 110.00 | 297.00 | 407.00 | NOTE | |
r-patched-linux-x86_64 | 4.7.2 | 38.31 | 184.50 | 222.81 | OK | |
r-release-linux-x86_64 | 4.7.2 | 20.97 | 183.79 | 204.76 | OK | |
r-release-macos-arm64 | 4.7.2 | 65.00 | OK | |||
r-release-macos-x86_64 | 4.7.2 | 87.00 | OK | |||
r-release-windows-x86_64 | 4.7.2 | 129.00 | 263.00 | 392.00 | OK | |
r-oldrel-macos-arm64 | 4.7.2 | 61.00 | OK | |||
r-oldrel-macos-x86_64 | 4.7.2 | 85.00 | OK | |||
r-oldrel-windows-ix86+x86_64 | 4.7.2 | 47.00 | 237.00 | 284.00 | OK |
Version: 4.7.2
Check: Rd files
Result: NOTE
checkRd: (-1) read.npc.vpc.results.Rd:16: Escaped LaTeX specials: \_
checkRd: (-1) read.npc.vpc.results.Rd:19: Escaped LaTeX specials: \_ \_ \_ \_ \_ \_
checkRd: (-1) read.npc.vpc.results.Rd:22: Escaped LaTeX specials: \_
Flavors: r-devel-linux-x86_64-debian-clang, r-devel-linux-x86_64-debian-gcc, r-devel-linux-x86_64-fedora-clang, r-devel-linux-x86_64-fedora-gcc, r-devel-windows-x86_64