CRAN Package Check Results for Package wrProteo

Last updated on 2024-04-18 10:50:08 CEST.

Flavor Version Tinstall Tcheck Ttotal Status Flags
r-devel-linux-x86_64-debian-clang 1.11.0.1 17.17 345.08 362.25 OK
r-devel-linux-x86_64-debian-gcc 1.11.0.1 17.92 252.03 269.95 OK
r-devel-linux-x86_64-fedora-clang 1.11.0.1 462.66 NOTE
r-devel-linux-x86_64-fedora-gcc 1.11.0.1 474.49 OK
r-prerel-macos-arm64 1.11.0.1 87.00 NOTE
r-prerel-macos-x86_64 1.11.0.1 177.00 NOTE
r-prerel-windows-x86_64 1.11.0.1 16.00 204.00 220.00 NOTE
r-patched-linux-x86_64 1.11.0.1 22.58 324.54 347.12 OK
r-release-linux-x86_64 1.11.0.1 20.68 328.74 349.42 OK
r-release-macos-arm64 1.11.0.1 86.00 NOTE
r-release-macos-x86_64 1.11.0.1 169.00 NOTE
r-release-windows-x86_64 1.11.0.1 23.00 236.00 259.00 NOTE
r-oldrel-macos-arm64 1.11.0.1 93.00 NOTE
r-oldrel-windows-x86_64 1.11.0.1 24.00 228.00 252.00 NOTE

Check Details

Version: 1.11.0.1
Check: installed package size
Result: NOTE installed size is 7.0Mb sub-directories of 1Mb or more: doc 3.5Mb extdata 2.5Mb Flavors: r-devel-linux-x86_64-fedora-clang, r-prerel-macos-arm64, r-prerel-macos-x86_64, r-prerel-windows-x86_64, r-release-macos-arm64, r-release-macos-x86_64, r-release-windows-x86_64, r-oldrel-macos-arm64, r-oldrel-windows-x86_64

Version: 1.11.0.1
Check: package dependencies
Result: NOTE Package suggested but not available for checking: ‘ROTS’ Flavors: r-release-macos-arm64, r-release-macos-x86_64, r-oldrel-macos-arm64