Last updated on 2023-02-04 02:50:14 CET.
Flavor | Version | Tinstall | Tcheck | Ttotal | Status | Flags |
---|---|---|---|---|---|---|
r-devel-linux-x86_64-debian-clang | 2.4.2 | 10.70 | 109.06 | 119.76 | OK | |
r-devel-linux-x86_64-debian-gcc | 2.4.2 | 9.36 | 78.61 | 87.97 | OK | |
r-devel-linux-x86_64-fedora-clang | 2.4.2 | 142.95 | NOTE | |||
r-devel-linux-x86_64-fedora-gcc | 2.4.2 | 149.90 | OK | |||
r-devel-windows-x86_64 | 2.4.2 | 47.00 | 137.00 | 184.00 | OK | |
r-patched-linux-x86_64 | 2.4.2 | 10.26 | 102.12 | 112.38 | OK | |
r-release-linux-x86_64 | 2.4.2 | 10.75 | 100.08 | 110.83 | OK | |
r-release-macos-arm64 | 2.4.2 | 44.00 | OK | |||
r-release-macos-x86_64 | 2.4.2 | 70.00 | OK | |||
r-release-windows-x86_64 | 2.4.2 | 41.00 | 144.00 | 185.00 | OK | |
r-oldrel-macos-arm64 | 2.4.2 | 59.00 | OK | |||
r-oldrel-macos-x86_64 | 2.4.2 | 78.00 | OK | |||
r-oldrel-windows-ix86+x86_64 | 2.4.2 | 27.00 | 139.00 | 166.00 | OK |
Version: 2.4.2
Check: package dependencies
Result: NOTE
Imports includes 31 non-default packages.
Importing from so many packages makes the package vulnerable to any of
them becoming unavailable. Move as many as possible to Suggests and
use conditionally.
Flavor: r-devel-linux-x86_64-fedora-clang