CRAN Package Check Results for Package webmorphR

Last updated on 2024-04-17 18:57:01 CEST.

Flavor Version Tinstall Tcheck Ttotal Status Flags
r-devel-linux-x86_64-debian-clang 0.1.1 7.96 203.15 211.11 NOTE
r-devel-linux-x86_64-debian-gcc 0.1.1 7.32 155.26 162.58 NOTE
r-devel-linux-x86_64-fedora-clang 0.1.1 327.28 NOTE
r-devel-linux-x86_64-fedora-gcc 0.1.1 243.20 NOTE
r-prerel-macos-arm64 0.1.1 70.00 NOTE
r-prerel-windows-x86_64 0.1.1 11.00 175.00 186.00 NOTE
r-patched-linux-x86_64 0.1.1 11.31 199.04 210.35 NOTE
r-release-linux-x86_64 0.1.1 6.27 193.75 200.02 OK
r-release-macos-arm64 0.1.1 71.00 OK
r-release-macos-x86_64 0.1.1 112.00 OK
r-release-windows-x86_64 0.1.1 14.00 209.00 223.00 OK
r-oldrel-macos-arm64 0.1.1 62.00 OK
r-oldrel-windows-x86_64 0.1.1 14.00 193.00 207.00 OK

Check Details

Version: 0.1.1
Check: Rd files
Result: NOTE checkRd: (-1) image_func.Rd:20: Lost braces; missing escapes or markup? 20 | This is a convenience function for applying {magick} functions that take an image as the first argument and return an image. It's fully vectorised, so you can set separate argument values for each image. | ^ Flavors: r-devel-linux-x86_64-debian-clang, r-devel-linux-x86_64-debian-gcc, r-devel-linux-x86_64-fedora-clang, r-devel-linux-x86_64-fedora-gcc, r-prerel-macos-arm64, r-prerel-windows-x86_64, r-patched-linux-x86_64

Version: 0.1.1
Check: Rd \usage sections
Result: NOTE Documented arguments not in \usage in Rd file 'read_img.Rd': ‘imgfile’ Functions with \usage entries need to have the appropriate \alias entries, and all their arguments documented. The \usage entries must correspond to syntactically valid R code. See chapter ‘Writing R documentation files’ in the ‘Writing R Extensions’ manual. Flavors: r-devel-linux-x86_64-debian-clang, r-devel-linux-x86_64-debian-gcc, r-devel-linux-x86_64-fedora-clang, r-devel-linux-x86_64-fedora-gcc, r-prerel-macos-arm64, r-prerel-windows-x86_64, r-patched-linux-x86_64

Version: 0.1.1
Check: Rd cross-references
Result: NOTE Undeclared package ‘purrr’ in Rd xrefs Flavor: r-devel-linux-x86_64-fedora-clang