Last updated on 2023-02-06 02:52:53 CET.
Flavor | Version | Tinstall | Tcheck | Ttotal | Status | Flags |
---|---|---|---|---|---|---|
r-devel-linux-x86_64-debian-clang | 1.0.6-1 | 513.94 | 271.96 | 785.90 | NOTE | |
r-devel-linux-x86_64-debian-gcc | 1.0.6-1 | 465.43 | 225.66 | 691.09 | NOTE | |
r-devel-linux-x86_64-fedora-clang | 1.0.6-1 | 1012.25 | NOTE | |||
r-devel-linux-x86_64-fedora-gcc | 1.0.6-1 | 1220.08 | NOTE | |||
r-devel-windows-x86_64 | 1.0.6-1 | 364.00 | 370.00 | 734.00 | NOTE | |
r-patched-linux-x86_64 | 1.0.6-1 | 424.99 | 282.38 | 707.37 | NOTE | |
r-release-linux-x86_64 | 1.0.6-1 | 433.54 | 293.63 | 727.17 | NOTE | |
r-release-macos-arm64 | 1.0.6-1 | 232.00 | NOTE | |||
r-release-macos-x86_64 | 1.0.6-1 | 372.00 | NOTE | |||
r-release-windows-x86_64 | 1.0.6-1 | 360.00 | 385.00 | 745.00 | NOTE | |
r-oldrel-macos-arm64 | 1.0.6-1 | 230.00 | NOTE | |||
r-oldrel-macos-x86_64 | 1.0.6-1 | 372.00 | NOTE | |||
r-oldrel-windows-ix86+x86_64 | 1.0.6-1 | 1145.00 | 457.00 | 1602.00 | NOTE |
Version: 1.0.6-1
Check: C++ specification
Result: NOTE
Specified C++14: please update to current default of C++17
Flavors: r-devel-linux-x86_64-debian-clang, r-devel-linux-x86_64-debian-gcc, r-devel-linux-x86_64-fedora-clang, r-devel-linux-x86_64-fedora-gcc, r-devel-windows-x86_64
Version: 1.0.6-1
Check: for GNU extensions in Makefiles
Result: NOTE
GNU make is a SystemRequirements.
Flavors: r-devel-linux-x86_64-debian-clang, r-devel-linux-x86_64-debian-gcc, r-devel-linux-x86_64-fedora-clang, r-devel-linux-x86_64-fedora-gcc, r-devel-windows-x86_64, r-patched-linux-x86_64, r-release-linux-x86_64, r-release-macos-arm64, r-release-macos-x86_64, r-release-windows-x86_64, r-oldrel-macos-arm64, r-oldrel-macos-x86_64, r-oldrel-windows-ix86+x86_64
Version: 1.0.6-1
Check: installed package size
Result: NOTE
installed size is 6.8Mb
sub-directories of 1Mb or more:
libs 5.4Mb
Flavors: r-devel-linux-x86_64-fedora-clang, r-devel-windows-x86_64, r-release-macos-arm64, r-release-macos-x86_64, r-release-windows-x86_64, r-oldrel-macos-arm64, r-oldrel-macos-x86_64, r-oldrel-windows-ix86+x86_64