Last updated on 2023-12-10 04:00:15 CET.
Flavor | Version | Tinstall | Tcheck | Ttotal | Status | Flags |
---|---|---|---|---|---|---|
r-devel-linux-x86_64-debian-clang | 1.0.8 | 685.03 | 288.36 | 973.39 | OK | |
r-devel-linux-x86_64-debian-gcc | 1.0.8 | 534.64 | 248.61 | 783.25 | OK | |
r-devel-linux-x86_64-fedora-clang | 1.0.8 | 1217.47 | NOTE | |||
r-devel-linux-x86_64-fedora-gcc | 1.0.8 | 1479.17 | NOTE | |||
r-devel-windows-x86_64 | 1.0.8 | 490.00 | 265.00 | 755.00 | NOTE | |
r-patched-linux-x86_64 | 1.0.8 | 517.87 | 324.25 | 842.12 | OK | |
r-release-linux-x86_64 | 1.0.8 | 501.96 | 323.64 | 825.60 | OK | |
r-release-macos-arm64 | 1.0.8 | 532.00 | NOTE | |||
r-release-macos-x86_64 | 1.0.8 | 761.00 | NOTE | |||
r-release-windows-x86_64 | 1.0.8 | 621.00 | 332.00 | 953.00 | NOTE | |
r-oldrel-macos-arm64 | 1.0.8 | 396.00 | NOTE | |||
r-oldrel-macos-x86_64 | 1.0.8 | 519.00 | NOTE | |||
r-oldrel-windows-x86_64 | 1.0.8 | 585.00 | 307.00 | 892.00 | NOTE |
Version: 1.0.8
Check: installed package size
Result: NOTE
installed size is 7.1Mb
sub-directories of 1Mb or more:
libs 5.7Mb
Flavors: r-devel-linux-x86_64-fedora-clang, r-devel-windows-x86_64, r-release-macos-arm64, r-release-macos-x86_64, r-release-windows-x86_64, r-oldrel-macos-arm64, r-oldrel-macos-x86_64, r-oldrel-windows-x86_64
Version: 1.0.8
Check: for GNU extensions in Makefiles
Result: NOTE
GNU make is a SystemRequirements.
Flavors: r-devel-linux-x86_64-fedora-clang, r-devel-linux-x86_64-fedora-gcc, r-release-macos-arm64, r-release-macos-x86_64, r-oldrel-macos-arm64, r-oldrel-macos-x86_64