CRAN Package Check Results for Package vstdct

Last updated on 2024-04-12 18:57:29 CEST.

Flavor Version Tinstall Tcheck Ttotal Status Flags
r-devel-linux-x86_64-debian-clang 0.2 2.47 31.34 33.81 NOTE
r-devel-linux-x86_64-debian-gcc 0.2 2.35 23.54 25.89 NOTE
r-devel-linux-x86_64-fedora-clang 0.2 43.32 NOTE
r-devel-linux-x86_64-fedora-gcc 0.2 41.20 NOTE
r-devel-windows-x86_64 0.2 3.00 45.00 48.00 NOTE
r-patched-linux-x86_64 0.2 2.89 29.17 32.06 NOTE
r-release-linux-x86_64 0.2 2.23 29.23 31.46 OK
r-release-macos-arm64 0.2 17.00 OK
r-release-macos-x86_64 0.2 38.00 OK
r-release-windows-x86_64 0.2 4.00 45.00 49.00 OK
r-oldrel-macos-arm64 0.2 21.00 OK
r-oldrel-windows-x86_64 0.2 4.00 51.00 55.00 OK

Check Details

Version: 0.2
Check: Rd files
Result: NOTE checkRd: (-1) Data-Examples.Rd:39: Lost braces in \itemize; meant \describe ? checkRd: (-1) Data-Examples.Rd:40: Lost braces in \itemize; meant \describe ? checkRd: (-1) Data-Examples.Rd:41: Lost braces in \itemize; meant \describe ? checkRd: (-1) Data-Examples.Rd:30: Lost braces in \itemize; \value handles \item{}{} directly checkRd: (-1) Data-Examples.Rd:31: Lost braces in \itemize; \value handles \item{}{} directly checkRd: (-1) Data-Examples.Rd:32: Lost braces in \itemize; \value handles \item{}{} directly checkRd: (-1) Data.trafo.Rd:19: Lost braces in \itemize; \value handles \item{}{} directly checkRd: (-1) Data.trafo.Rd:20: Lost braces in \itemize; \value handles \item{}{} directly checkRd: (-1) Data.trafo.Rd:21: Lost braces in \itemize; \value handles \item{}{} directly checkRd: (-1) Toep.estimator.Rd:23: Lost braces in \itemize; \value handles \item{}{} directly checkRd: (-1) Toep.estimator.Rd:24: Lost braces in \itemize; \value handles \item{}{} directly checkRd: (-1) Toep.estimator.Rd:25: Lost braces in \itemize; \value handles \item{}{} directly checkRd: (-1) Toep.estimator.Rd:26: Lost braces in \itemize; \value handles \item{}{} directly checkRd: (-1) aquaporin.Rd:10: Lost braces in \itemize; meant \describe ? Flavors: r-devel-linux-x86_64-debian-clang, r-devel-linux-x86_64-debian-gcc, r-devel-linux-x86_64-fedora-clang, r-devel-linux-x86_64-fedora-gcc, r-devel-windows-x86_64, r-patched-linux-x86_64