CRAN Package Check Results for Package vol2birdR

Last updated on 2024-04-20 02:50:15 CEST.

Flavor Version Tinstall Tcheck Ttotal Status Flags
r-devel-linux-x86_64-debian-clang 1.0.2 131.91 80.86 212.77 NOTE
r-devel-linux-x86_64-debian-gcc 1.0.2 NOTE
r-devel-linux-x86_64-fedora-clang 1.0.2 277.60 NOTE
r-devel-linux-x86_64-fedora-gcc 1.0.2 299.70 NOTE
r-prerel-macos-arm64 1.0.2 92.00 NOTE
r-prerel-windows-x86_64 1.0.2 196.00 5.00 201.00 ERROR
r-patched-linux-x86_64 1.0.2 131.09 79.20 210.29 NOTE
r-release-linux-x86_64 1.0.2 131.69 75.18 206.87 NOTE
r-release-macos-arm64 1.0.2 99.00 NOTE
r-release-macos-x86_64 1.0.2 153.00 NOTE
r-release-windows-x86_64 1.0.2 226.00 309.00 535.00 NOTE
r-oldrel-macos-arm64 1.0.2 90.00 NOTE
r-oldrel-windows-x86_64 1.0.2 339.00 11.00 350.00 ERROR

Check Details

Version: 1.0.2
Check: for GNU extensions in Makefiles
Result: NOTE GNU make is a SystemRequirements. Flavors: r-devel-linux-x86_64-debian-clang, r-devel-linux-x86_64-debian-gcc, r-devel-linux-x86_64-fedora-clang, r-devel-linux-x86_64-fedora-gcc, r-prerel-macos-arm64, r-patched-linux-x86_64, r-release-linux-x86_64, r-release-macos-arm64, r-release-macos-x86_64, r-release-windows-x86_64, r-oldrel-macos-arm64

Version: 1.0.2
Check: installed package size
Result: NOTE installed size is 31.6Mb sub-directories of 1Mb or more: extdata 1.6Mb libs 29.7Mb Flavors: r-prerel-macos-arm64, r-release-macos-arm64, r-release-macos-x86_64, r-release-windows-x86_64, r-oldrel-macos-arm64

Version: 1.0.2
Check: whether package can be installed
Result: ERROR Installation failed. Flavors: r-prerel-windows-x86_64, r-oldrel-windows-x86_64