CRAN Package Check Results for Package vocaldia

Last updated on 2024-07-20 02:49:13 CEST.

Flavor Version Tinstall Tcheck Ttotal Status Flags
r-devel-linux-x86_64-debian-clang 0.8.4 2.60 36.08 38.68 NOTE
r-devel-linux-x86_64-debian-gcc 0.8.4 2.41 27.04 29.45 NOTE
r-devel-linux-x86_64-fedora-clang 0.8.4 47.70 NOTE
r-devel-linux-x86_64-fedora-gcc 0.8.4 45.44 NOTE
r-devel-windows-x86_64 0.8.4 4.00 53.00 57.00 NOTE
r-patched-linux-x86_64 0.8.4 3.97 35.14 39.11 NOTE
r-release-linux-x86_64 0.8.4 2.91 35.32 38.23 NOTE
r-release-macos-arm64 0.8.4 19.00 NOTE
r-release-macos-x86_64 0.8.4 32.00 NOTE
r-release-windows-x86_64 0.8.4 4.00 53.00 57.00 NOTE
r-oldrel-macos-arm64 0.8.4 20.00 OK
r-oldrel-macos-x86_64 0.8.4 28.00 OK
r-oldrel-windows-x86_64 0.8.4 4.00 56.00 60.00 OK

Check Details

Version: 0.8.4
Check: Rd files
Result: NOTE checkRd: (-1) getTurnType.Rd:38: Lost braces; missing escapes or markup? 38 | Return one of {Vocalisation, GrpVocalisation, ...} or identifier. | ^ Flavors: r-devel-linux-x86_64-debian-clang, r-devel-linux-x86_64-debian-gcc, r-devel-linux-x86_64-fedora-clang, r-devel-linux-x86_64-fedora-gcc, r-devel-windows-x86_64, r-patched-linux-x86_64, r-release-linux-x86_64, r-release-macos-arm64, r-release-macos-x86_64, r-release-windows-x86_64