Last updated on 2023-01-29 18:53:24 CET.
Flavor | Version | Tinstall | Tcheck | Ttotal | Status | Flags |
---|---|---|---|---|---|---|
r-devel-linux-x86_64-debian-clang | 0.3.2 | 4.79 | 182.85 | 187.64 | NOTE | |
r-devel-linux-x86_64-debian-gcc | 0.3.2 | 3.55 | 124.99 | 128.54 | NOTE | |
r-devel-linux-x86_64-fedora-clang | 0.3.2 | 221.42 | NOTE | |||
r-devel-linux-x86_64-fedora-gcc | 0.3.2 | 224.97 | NOTE | |||
r-patched-linux-x86_64 | 0.3.2 | 5.24 | 158.94 | 164.18 | NOTE | |
r-release-linux-x86_64 | 0.3.2 | 3.31 | 162.47 | 165.78 | NOTE | |
r-release-macos-arm64 | 0.3.2 | 60.00 | NOTE | |||
r-release-macos-x86_64 | 0.3.2 | 112.00 | NOTE | |||
r-release-windows-x86_64 | 0.3.2 | 35.00 | 199.00 | 234.00 | NOTE | |
r-oldrel-macos-arm64 | 0.3.2 | 68.00 | NOTE | |||
r-oldrel-macos-x86_64 | 0.3.2 | 121.00 | NOTE | |||
r-oldrel-windows-ix86+x86_64 | 0.3.2 | 11.00 | 198.00 | 209.00 | NOTE |
Version: 0.3.2
Check: LazyData
Result: NOTE
'LazyData' is specified without a 'data' directory
Flavors: r-devel-linux-x86_64-debian-clang, r-devel-linux-x86_64-debian-gcc, r-devel-linux-x86_64-fedora-clang, r-devel-linux-x86_64-fedora-gcc, r-patched-linux-x86_64, r-release-linux-x86_64, r-release-macos-arm64, r-release-macos-x86_64, r-release-windows-x86_64, r-oldrel-macos-arm64, r-oldrel-macos-x86_64, r-oldrel-windows-ix86+x86_64
Version: 0.3.2
Check: Rd cross-references
Result: NOTE
Undeclared package ‘foreach’ in Rd xrefs
Flavor: r-devel-linux-x86_64-fedora-clang