CRAN Package Check Results for Package varrank

Last updated on 2024-06-14 02:54:22 CEST.

Flavor Version Tinstall Tcheck Ttotal Status Flags
r-devel-linux-x86_64-debian-clang 0.5 3.89 146.36 150.25 OK
r-devel-linux-x86_64-debian-gcc 0.5 2.66 27.28 29.94 ERROR
r-devel-linux-x86_64-fedora-clang 0.5 208.61 OK
r-devel-linux-x86_64-fedora-gcc 0.5 206.83 OK
r-devel-windows-x86_64 0.5 4.00 83.00 87.00 OK
r-patched-linux-x86_64 0.5 3.64 79.55 83.19 OK
r-release-linux-x86_64 0.5 3.60 140.38 143.98 OK
r-release-macos-arm64 0.5 38.00 ERROR
r-release-macos-x86_64 0.5 70.00 OK
r-release-windows-x86_64 0.5 5.00 86.00 91.00 OK
r-oldrel-macos-arm64 0.5 51.00 OK
r-oldrel-macos-x86_64 0.5 71.00 OK
r-oldrel-windows-x86_64 0.5 4.00 92.00 96.00 OK

Check Details

Version: 0.5
Check: package dependencies
Result: NOTE Packages suggested but not available for checking: 'caret', 'testthat' Flavor: r-devel-linux-x86_64-debian-gcc

Version: 0.5
Check: re-building of vignette outputs
Result: ERROR Error(s) in re-building vignettes: ... --- re-building ‘varrank.Rmd’ using knitr ** Processing: figure/unnamed-chunk-4-1.png 432x432 pixels, 3x8 bits/pixel, RGB Input IDAT size = 29516 bytes Input file size = 29630 bytes Trying: zc = 9 zm = 8 zs = 0 f = 0 IDAT size = 25252 zc = 9 zm = 8 zs = 1 f = 0 zc = 1 zm = 8 zs = 2 f = 0 zc = 9 zm = 8 zs = 3 f = 0 zc = 9 zm = 8 zs = 0 f = 5 zc = 9 zm = 8 zs = 1 f = 5 zc = 1 zm = 8 zs = 2 f = 5 zc = 9 zm = 8 zs = 3 f = 5 Selecting parameters: zc = 9 zm = 8 zs = 0 f = 0 IDAT size = 25252 Output IDAT size = 25252 bytes (4264 bytes decrease) Output file size = 25330 bytes (4300 bytes = 14.51% decrease) Quitting from lines 79-91 [unnamed-chunk-5] (varrank.Rmd) Error: processing vignette 'varrank.Rmd' failed with diagnostics: there is no package called 'caret' --- failed re-building ‘varrank.Rmd’ SUMMARY: processing the following file failed: ‘varrank.Rmd’ Error: Vignette re-building failed. Execution halted Flavor: r-devel-linux-x86_64-debian-gcc

Version: 0.5
Check: re-building of vignette outputs
Result: ERROR Error(s) in re-building vignettes: ... --- re-building ‘varrank.Rmd’ using knitr Quitting from lines 110-115 [unnamed-chunk-7] (varrank.Rmd) Error: processing vignette 'varrank.Rmd' failed with diagnostics: cannot open file '/Volumes/Builds/packages/big-sur-arm64/Rlib/4.4/varSelRF/R/varSelRF.rdb': No such file or directory --- failed re-building ‘varrank.Rmd’ SUMMARY: processing the following file failed: ‘varrank.Rmd’ Error: Vignette re-building failed. Execution halted Flavor: r-release-macos-arm64