CRAN Package Check Results for Package varbvs

Last updated on 2024-06-14 02:54:22 CEST.

Flavor Version Tinstall Tcheck Ttotal Status Flags
r-devel-linux-x86_64-debian-clang 2.6-10 30.71 239.98 270.69 OK
r-devel-linux-x86_64-debian-gcc 2.6-10 21.52 96.65 118.17 ERROR
r-devel-linux-x86_64-fedora-clang 2.6-10 345.35 OK
r-devel-linux-x86_64-fedora-gcc 2.6-10 355.58 OK
r-devel-windows-x86_64 2.6-10 28.00 247.00 275.00 OK
r-patched-linux-x86_64 2.6-10 26.51 246.69 273.20 OK
r-release-linux-x86_64 2.6-10 26.91 242.19 269.10 OK
r-release-macos-arm64 2.6-10 143.00 OK
r-release-macos-x86_64 2.6-10 187.00 OK
r-release-windows-x86_64 2.6-10 29.00 250.00 279.00 OK
r-oldrel-macos-arm64 2.6-10 155.00 OK
r-oldrel-macos-x86_64 2.6-10 251.00 OK
r-oldrel-windows-x86_64 2.6-10 34.00 289.00 323.00 OK

Check Details

Version: 2.6-10
Check: package dependencies
Result: NOTE Package suggested but not available for checking: ‘testthat’ Flavor: r-devel-linux-x86_64-debian-gcc

Version: 2.6-10
Check: tests
Result: ERROR Running ‘testthat.R’ [0s/1s] Running the tests in ‘tests/testthat.R’ failed. Complete output: > # Part of the varbvs package, https://github.com/pcarbo/varbvs > # > # Copyright (C) 2012-2018, Peter Carbonetto > # > # This program is free software: you can redistribute it under the > # terms of the GNU General Public License; either version 3 of the > # License, or (at your option) any later version. > # > # This program is distributed in the hope that it will be useful, but > # WITHOUT ANY WARRANY; without even the implied warranty of > # MERCHANTABILITY OR FITNESS FOR A PARTICULAR PURPOSE. See the GNU > # General Public License for more details. > # > library(testthat) Error in library(testthat) : there is no package called 'testthat' Execution halted Flavor: r-devel-linux-x86_64-debian-gcc