CRAN Package Check Results for Package vDiveR

Last updated on 2024-07-22 02:48:22 CEST.

Flavor Version Tinstall Tcheck Ttotal Status Flags
r-devel-linux-x86_64-debian-clang 1.2.1 8.15 94.86 103.01 OK
r-devel-linux-x86_64-debian-gcc 1.2.1 8.04 71.02 79.06 OK
r-devel-linux-x86_64-fedora-clang 1.2.1 130.17 NOTE
r-devel-linux-x86_64-fedora-gcc 1.2.1 121.59 NOTE
r-devel-windows-x86_64 1.2.1 11.00 92.00 103.00 OK
r-patched-linux-x86_64 1.2.1 10.18 91.69 101.87 OK
r-release-linux-x86_64 1.2.1 8.16 88.74 96.90 OK
r-release-macos-arm64 1.2.1 41.00 OK
r-release-macos-x86_64 1.2.1 57.00 OK
r-release-windows-x86_64 1.2.1 10.00 93.00 103.00 OK
r-oldrel-macos-arm64 1.2.1 45.00 OK
r-oldrel-macos-x86_64 1.2.1 70.00 OK
r-oldrel-windows-x86_64 1.2.1 13.00 107.00 120.00 OK

Check Details

Version: 1.2.1
Check: dependencies in R code
Result: NOTE Namespaces in Imports field not imported from: ‘DT’ ‘maps’ ‘readr’ All declared Imports should be used. Flavors: r-devel-linux-x86_64-fedora-clang, r-devel-linux-x86_64-fedora-gcc