Last updated on 2023-02-07 10:54:14 CET.
Flavor | Version | Tinstall | Tcheck | Ttotal | Status | Flags |
---|---|---|---|---|---|---|
r-devel-linux-x86_64-debian-clang | 1.5.7 | 5.31 | 52.40 | 57.71 | ERROR | |
r-devel-linux-x86_64-debian-gcc | 1.5.7 | 5.42 | 41.62 | 47.04 | OK | |
r-devel-linux-x86_64-fedora-clang | 1.5.7 | 76.48 | OK | |||
r-devel-linux-x86_64-fedora-gcc | 1.5.7 | 91.66 | OK | |||
r-devel-windows-x86_64 | 1.5.7 | 103.00 | 108.00 | 211.00 | OK | |
r-patched-linux-x86_64 | 1.5.7 | 5.34 | 50.96 | 56.30 | OK | |
r-release-linux-x86_64 | 1.5.7 | 3.83 | 50.30 | 54.13 | OK | |
r-release-macos-arm64 | 1.5.7 | 26.00 | OK | |||
r-release-macos-x86_64 | 1.5.7 | 37.00 | OK | |||
r-release-windows-x86_64 | 1.5.7 | 69.00 | 98.00 | 167.00 | OK | |
r-oldrel-macos-arm64 | 1.5.7 | 26.00 | OK | |||
r-oldrel-macos-x86_64 | 1.5.7 | 39.00 | OK | |||
r-oldrel-windows-ix86+x86_64 | 1.5.7 | 16.00 | 83.00 | 99.00 | OK |
Version: 1.5.7
Check: re-building of vignette outputs
Result: ERROR
Error(s) in re-building vignettes:
...
--- re-building ‘Tutorial.Rmd’ using rmarkdown
Quitting from lines 105-106 (Tutorial.Rmd)
Error: processing vignette ‘Tutorial.Rmd’ failed with diagnostics:
Timeout was reached: [is.gd] Resolving timed out after 10000 milliseconds
--- failed re-building ‘Tutorial.Rmd’
SUMMARY: processing the following file failed:
‘Tutorial.Rmd’
Error: Vignette re-building failed.
Execution halted
Flavor: r-devel-linux-x86_64-debian-clang