CRAN Package Check Results for Package trimmer

Last updated on 2023-02-06 18:52:23 CET.

Flavor Version Tinstall Tcheck Ttotal Status Flags
r-devel-linux-x86_64-debian-clang 0.8.1 4.47 46.24 50.71 NOTE
r-devel-linux-x86_64-debian-gcc 0.8.1 3.46 34.58 38.04 NOTE
r-devel-linux-x86_64-fedora-clang 0.8.1 64.48 NOTE
r-devel-linux-x86_64-fedora-gcc 0.8.1 77.57 NOTE
r-devel-windows-x86_64 0.8.1 14.00 78.00 92.00 NOTE
r-patched-linux-x86_64 0.8.1 4.01 44.55 48.56 NOTE
r-release-linux-x86_64 0.8.1 4.61 46.08 50.69 NOTE
r-release-macos-arm64 0.8.1 23.00 NOTE
r-release-macos-x86_64 0.8.1 30.00 NOTE
r-release-windows-x86_64 0.8.1 17.00 85.00 102.00 NOTE
r-oldrel-macos-arm64 0.8.1 28.00 NOTE
r-oldrel-macos-x86_64 0.8.1 38.00 NOTE
r-oldrel-windows-ix86+x86_64 0.8.1 12.00 81.00 93.00 NOTE

Check Details

Version: 0.8.1
Check: LazyData
Result: NOTE
     'LazyData' is specified without a 'data' directory
Flavors: r-devel-linux-x86_64-debian-clang, r-devel-linux-x86_64-debian-gcc, r-devel-linux-x86_64-fedora-clang, r-devel-linux-x86_64-fedora-gcc, r-devel-windows-x86_64, r-patched-linux-x86_64, r-release-linux-x86_64, r-release-macos-arm64, r-release-macos-x86_64, r-release-windows-x86_64, r-oldrel-macos-arm64, r-oldrel-macos-x86_64, r-oldrel-windows-ix86+x86_64