CRAN Package Check Results for Package trendeval

Last updated on 2024-07-17 11:32:05 CEST.

Flavor Version Tinstall Tcheck Ttotal Status Flags
r-devel-linux-x86_64-debian-clang 0.1.0 14.80 118.62 133.42 OK
r-devel-linux-x86_64-debian-gcc 0.1.0 10.24 84.24 94.48 OK
r-devel-linux-x86_64-fedora-clang 0.1.0 160.89 OK
r-devel-linux-x86_64-fedora-gcc 0.1.0 144.15 OK
r-devel-windows-x86_64 0.1.0 11.00 93.00 104.00 NOTE
r-patched-linux-x86_64 0.1.0 20.28 108.09 128.37 OK
r-release-linux-x86_64 0.1.0 7.89 110.43 118.32 OK
r-release-macos-arm64 0.1.0 45.00 OK
r-release-macos-x86_64 0.1.0 71.00 OK
r-release-windows-x86_64 0.1.0 12.00 93.00 105.00 OK
r-oldrel-macos-arm64 0.1.0 46.00 OK
r-oldrel-macos-x86_64 0.1.0 81.00 OK
r-oldrel-windows-x86_64 0.1.0 14.00 112.00 126.00 OK

Check Details

Version: 0.1.0
Check: Rd cross-references
Result: NOTE Found the following Rd file(s) with Rd \link{} targets missing package anchors: calculate_mae.Rd: trending_model calculate_rmse.Rd: trending_model calculate_rsq.Rd: trending_model Please provide package anchors for all Rd \link{} targets not in the package itself and the base packages. Flavor: r-devel-windows-x86_64