CRAN Package Check Results for Package treeshap

Last updated on 2024-06-14 02:54:21 CEST.

Flavor Version Tinstall Tcheck Ttotal Status Flags
r-devel-linux-x86_64-debian-clang 0.3.1 45.44 77.57 123.01 OK
r-devel-linux-x86_64-debian-gcc 0.3.1 0.43 1.57 2.00 ERROR
r-devel-linux-x86_64-fedora-clang 0.3.1 173.23 OK
r-devel-linux-x86_64-fedora-gcc 0.3.1 162.47 OK
r-devel-windows-x86_64 0.3.1 38.00 97.00 135.00 OK
r-patched-linux-x86_64 0.3.1 36.78 73.48 110.26 OK
r-release-linux-x86_64 0.3.1 36.82 73.69 110.51 OK
r-release-macos-arm64 0.3.1 42.00 OK
r-release-macos-x86_64 0.3.1 58.00 OK
r-release-windows-x86_64 0.3.1 38.00 99.00 137.00 OK
r-oldrel-macos-arm64 0.3.1 51.00 OK
r-oldrel-macos-x86_64 0.3.1 80.00 OK
r-oldrel-windows-x86_64 0.3.1 47.00 112.00 159.00 OK

Check Details

Version: 0.3.1
Check: package dependencies
Result: ERROR Package required but not available: ‘ggplot2’ Package suggested but not available for checking: ‘testthat’ See section ‘The DESCRIPTION file’ in the ‘Writing R Extensions’ manual. Flavor: r-devel-linux-x86_64-debian-gcc