Last updated on 2023-01-29 18:53:23 CET.
Flavor | Version | Tinstall | Tcheck | Ttotal | Status | Flags |
---|---|---|---|---|---|---|
r-devel-linux-x86_64-debian-clang | 0.6.0 | 13.07 | 113.92 | 126.99 | OK | |
r-devel-linux-x86_64-debian-gcc | 0.6.0 | 10.86 | 86.98 | 97.84 | OK | |
r-devel-linux-x86_64-fedora-clang | 0.6.0 | 157.38 | NOTE | |||
r-devel-linux-x86_64-fedora-gcc | 0.6.0 | 145.67 | NOTE | |||
r-devel-windows-x86_64 | 0.6.0 | 26.00 | 138.00 | 164.00 | OK | |
r-patched-linux-x86_64 | 0.6.0 | 11.45 | 109.31 | 120.76 | OK | |
r-release-linux-x86_64 | 0.6.0 | 10.33 | 108.78 | 119.11 | OK | |
r-release-macos-arm64 | 0.6.0 | 44.00 | NOTE | |||
r-release-macos-x86_64 | 0.6.0 | 76.00 | NOTE | |||
r-release-windows-x86_64 | 0.6.0 | 26.00 | 137.00 | 163.00 | OK | |
r-oldrel-macos-arm64 | 0.6.0 | 41.00 | NOTE | |||
r-oldrel-macos-x86_64 | 0.6.0 | 65.00 | NOTE | |||
r-oldrel-windows-ix86+x86_64 | 0.6.0 | 30.00 | 156.00 | 186.00 | OK |
Version: 0.6.0
Check: dependencies in R code
Result: NOTE
Namespace in Imports field not imported from: ‘tibble’
All declared Imports should be used.
Flavors: r-devel-linux-x86_64-fedora-clang, r-devel-linux-x86_64-fedora-gcc, r-release-macos-arm64, r-release-macos-x86_64, r-oldrel-macos-arm64, r-oldrel-macos-x86_64