Last updated on 2023-01-30 18:51:00 CET.
Flavor | Version | Tinstall | Tcheck | Ttotal | Status | Flags |
---|---|---|---|---|---|---|
r-devel-linux-x86_64-debian-clang | 1.1.3 | 594.26 | 110.28 | 704.54 | OK | |
r-devel-linux-x86_64-debian-gcc | 1.1.3 | 412.07 | 80.95 | 493.02 | OK | |
r-devel-linux-x86_64-fedora-clang | 1.1.3 | 883.65 | OK | |||
r-devel-linux-x86_64-fedora-gcc | 1.1.3 | 809.01 | OK | |||
r-devel-windows-x86_64 | 1.1.3 | 384.00 | 202.00 | 586.00 | OK | |
r-patched-linux-x86_64 | 1.1.3 | 339.79 | 100.28 | 440.07 | OK | |
r-release-linux-x86_64 | 1.1.3 | 335.08 | 100.49 | 435.57 | OK | |
r-release-macos-arm64 | 1.1.3 | 240.00 | NOTE | |||
r-release-macos-x86_64 | 1.1.3 | 322.00 | NOTE | |||
r-release-windows-x86_64 | 1.1.3 | 603.00 | 194.00 | 797.00 | OK | |
r-oldrel-macos-arm64 | 1.1.3 | 192.00 | NOTE | |||
r-oldrel-macos-x86_64 | 1.1.3 | 240.00 | NOTE | |||
r-oldrel-windows-ix86+x86_64 | 1.1.3 | 993.00 | 229.00 | 1222.00 | NOTE |
Version: 1.1.3
Check: installed package size
Result: NOTE
installed size is 44.6Mb
sub-directories of 1Mb or more:
libs 43.8Mb
Flavors: r-release-macos-arm64, r-release-macos-x86_64, r-oldrel-macos-arm64, r-oldrel-macos-x86_64, r-oldrel-windows-ix86+x86_64