Last updated on 2023-01-29 18:53:23 CET.
Flavor | Version | Tinstall | Tcheck | Ttotal | Status | Flags |
---|---|---|---|---|---|---|
r-devel-linux-x86_64-debian-clang | 3.0.2 | 10.76 | 368.68 | 379.44 | OK | |
r-devel-linux-x86_64-debian-gcc | 3.0.2 | 8.24 | 280.73 | 288.97 | OK | |
r-devel-linux-x86_64-fedora-clang | 3.0.2 | 479.62 | OK | |||
r-devel-linux-x86_64-fedora-gcc | 3.0.2 | 495.24 | OK | |||
r-devel-windows-x86_64 | 3.0.2 | 65.00 | 500.00 | 565.00 | OK | |
r-patched-linux-x86_64 | 3.0.2 | 19.09 | 363.22 | 382.31 | OK | |
r-release-linux-x86_64 | 3.0.2 | 9.39 | 350.94 | 360.33 | OK | |
r-release-macos-arm64 | 3.0.2 | 116.00 | OK | |||
r-release-macos-x86_64 | 3.0.2 | 225.00 | NOTE | |||
r-release-windows-x86_64 | 3.0.2 | 96.00 | 459.00 | 555.00 | OK | |
r-oldrel-macos-arm64 | 3.0.2 | 130.00 | OK | |||
r-oldrel-macos-x86_64 | 3.0.2 | 177.00 | OK | |||
r-oldrel-windows-ix86+x86_64 | 3.0.2 | 30.00 | 448.00 | 478.00 | OK |
Version: 3.0.2
Check: package dependencies
Result: NOTE
Packages suggested but not available for checking:
'runjags', 'rjags', 'jagsUI'
Flavor: r-release-macos-x86_64
Version: 3.0.2
Check: Rd cross-references
Result: NOTE
Packages unavailable to check Rd xrefs: ‘runjags’, ‘rjags’, ‘jagsUI’
Flavor: r-release-macos-x86_64