CRAN Package Check Results for Package tidyLPA

Last updated on 2022-12-09 11:00:52 CET.

Flavor Version Tinstall Tcheck Ttotal Status Flags
r-devel-linux-x86_64-debian-clang 1.1.0 10.68 154.47 165.15 NOTE
r-devel-linux-x86_64-debian-gcc 1.1.0 9.36 115.99 125.35 NOTE
r-devel-linux-x86_64-fedora-clang 1.1.0 212.98 NOTE
r-devel-linux-x86_64-fedora-gcc 1.1.0 218.14 NOTE
r-devel-windows-x86_64 1.1.0 40.00 208.00 248.00 NOTE
r-patched-linux-x86_64 1.1.0 11.95 189.89 201.84 OK
r-release-linux-x86_64 1.1.0 11.09 140.89 151.98 OK
r-release-macos-arm64 1.1.0 54.00 NOTE
r-release-macos-x86_64 1.1.0 105.00 NOTE
r-release-windows-x86_64 1.1.0 44.00 192.00 236.00 OK
r-oldrel-macos-arm64 1.1.0 67.00 NOTE
r-oldrel-macos-x86_64 1.1.0 73.00 NOTE
r-oldrel-windows-ix86+x86_64 1.1.0 27.00 190.00 217.00 OK

Check Details

Version: 1.1.0
Check: package subdirectories
Result: NOTE
    Problems with news in 'NEWS.md':
     Cannot extract version info from the following section titles:
     Minor changes:
Flavors: r-devel-linux-x86_64-debian-clang, r-devel-linux-x86_64-debian-gcc, r-devel-linux-x86_64-fedora-clang, r-devel-linux-x86_64-fedora-gcc, r-devel-windows-x86_64

Version: 1.1.0
Check: dependencies in R code
Result: NOTE
    Namespace in Imports field not imported from: ‘mix’
     All declared Imports should be used.
Flavors: r-devel-linux-x86_64-fedora-clang, r-devel-linux-x86_64-fedora-gcc, r-release-macos-arm64, r-release-macos-x86_64, r-oldrel-macos-arm64, r-oldrel-macos-x86_64