Last updated on 2023-01-29 13:51:38 CET.
Flavor | Version | Tinstall | Tcheck | Ttotal | Status | Flags |
---|---|---|---|---|---|---|
r-devel-linux-x86_64-debian-clang | 0.2.2 | 7.96 | 70.06 | 78.02 | NOTE | |
r-devel-linux-x86_64-debian-gcc | 0.2.2 | 7.11 | 52.65 | 59.76 | NOTE | |
r-devel-linux-x86_64-fedora-clang | 0.2.2 | 95.11 | NOTE | |||
r-devel-linux-x86_64-fedora-gcc | 0.2.2 | 106.21 | NOTE | |||
r-devel-windows-x86_64 | 0.2.2 | 45.00 | 106.00 | 151.00 | NOTE | |
r-patched-linux-x86_64 | 0.2.2 | 6.54 | 69.86 | 76.40 | NOTE | |
r-release-linux-x86_64 | 0.2.2 | 5.92 | 68.94 | 74.86 | NOTE | |
r-release-macos-arm64 | 0.2.2 | 31.00 | NOTE | |||
r-release-macos-x86_64 | 0.2.2 | 53.00 | NOTE | |||
r-release-windows-x86_64 | 0.2.2 | 60.00 | 103.00 | 163.00 | NOTE | |
r-oldrel-macos-arm64 | 0.2.2 | 35.00 | NOTE | |||
r-oldrel-macos-x86_64 | 0.2.2 | 56.00 | NOTE | |||
r-oldrel-windows-ix86+x86_64 | 0.2.2 | 21.00 | 100.00 | 121.00 | NOTE |
Version: 0.2.2
Check: LazyData
Result: NOTE
'LazyData' is specified without a 'data' directory
Flavors: r-devel-linux-x86_64-debian-clang, r-devel-linux-x86_64-debian-gcc, r-devel-linux-x86_64-fedora-clang, r-devel-linux-x86_64-fedora-gcc, r-devel-windows-x86_64, r-patched-linux-x86_64, r-release-linux-x86_64, r-release-macos-arm64, r-release-macos-x86_64, r-release-windows-x86_64, r-oldrel-macos-arm64, r-oldrel-macos-x86_64, r-oldrel-windows-ix86+x86_64