CRAN Package Check Results for Package textclean

Last updated on 2024-06-14 02:54:20 CEST.

Flavor Version Tinstall Tcheck Ttotal Status Flags
r-devel-linux-x86_64-debian-clang 0.9.3 14.38 53.56 67.94 NOTE
r-devel-linux-x86_64-debian-gcc 0.9.3 0.51 1.73 2.24 ERROR
r-devel-linux-x86_64-fedora-clang 0.9.3 86.89 NOTE
r-devel-linux-x86_64-fedora-gcc 0.9.3 83.33 NOTE
r-devel-windows-x86_64 0.9.3 15.00 69.00 84.00 NOTE
r-patched-linux-x86_64 0.9.3 11.59 52.50 64.09 NOTE
r-release-linux-x86_64 0.9.3 10.55 51.74 62.29 NOTE
r-release-macos-arm64 0.9.3 33.00 NOTE
r-release-macos-x86_64 0.9.3 44.00 NOTE
r-release-windows-x86_64 0.9.3 16.00 68.00 84.00 NOTE
r-oldrel-macos-arm64 0.9.3 37.00 OK
r-oldrel-macos-x86_64 0.9.3 52.00 OK
r-oldrel-windows-x86_64 0.9.3 19.00 74.00 93.00 OK

Check Details

Version: 0.9.3
Check: Rd files
Result: NOTE checkRd: (-1) check_text.Rd:31: Lost braces in \itemize; \value handles \item{}{} directly checkRd: (-1) check_text.Rd:32: Lost braces in \itemize; \value handles \item{}{} directly checkRd: (-1) check_text.Rd:33: Lost braces in \itemize; \value handles \item{}{} directly checkRd: (-1) check_text.Rd:34: Lost braces in \itemize; \value handles \item{}{} directly checkRd: (-1) check_text.Rd:35: Lost braces in \itemize; \value handles \item{}{} directly checkRd: (-1) check_text.Rd:36: Lost braces in \itemize; \value handles \item{}{} directly checkRd: (-1) check_text.Rd:37: Lost braces in \itemize; \value handles \item{}{} directly checkRd: (-1) check_text.Rd:38: Lost braces in \itemize; \value handles \item{}{} directly checkRd: (-1) check_text.Rd:39: Lost braces in \itemize; \value handles \item{}{} directly checkRd: (-1) check_text.Rd:40: Lost braces in \itemize; \value handles \item{}{} directly checkRd: (-1) check_text.Rd:41: Lost braces in \itemize; \value handles \item{}{} directly checkRd: (-1) check_text.Rd:42: Lost braces in \itemize; \value handles \item{}{} directly checkRd: (-1) check_text.Rd:43: Lost braces in \itemize; \value handles \item{}{} directly checkRd: (-1) check_text.Rd:44: Lost braces in \itemize; \value handles \item{}{} directly checkRd: (-1) check_text.Rd:45: Lost braces in \itemize; \value handles \item{}{} directly checkRd: (-1) check_text.Rd:46: Lost braces in \itemize; \value handles \item{}{} directly checkRd: (-1) check_text.Rd:47: Lost braces in \itemize; \value handles \item{}{} directly checkRd: (-1) check_text.Rd:48: Lost braces in \itemize; \value handles \item{}{} directly checkRd: (-1) check_text.Rd:49: Lost braces in \itemize; \value handles \item{}{} directly checkRd: (-1) check_text.Rd:50: Lost braces in \itemize; \value handles \item{}{} directly checkRd: (-1) check_text.Rd:51: Lost braces in \itemize; \value handles \item{}{} directly checkRd: (-1) check_text.Rd:52: Lost braces in \itemize; \value handles \item{}{} directly checkRd: (-1) check_text.Rd:53: Lost braces in \itemize; \value handles \item{}{} directly checkRd: (-1) replace_html.Rd:12: Lost braces 12 | \item{symbol}{logical. If code{TRUE} the symbols are retained with appropriate | ^ Flavors: r-devel-linux-x86_64-debian-clang, r-devel-linux-x86_64-fedora-clang, r-devel-linux-x86_64-fedora-gcc, r-devel-windows-x86_64, r-patched-linux-x86_64, r-release-linux-x86_64, r-release-macos-arm64, r-release-macos-x86_64, r-release-windows-x86_64

Version: 0.9.3
Check: package dependencies
Result: ERROR Package required but not available: ‘lexicon’ Package suggested but not available for checking: ‘testthat’ See section ‘The DESCRIPTION file’ in the ‘Writing R Extensions’ manual. Flavor: r-devel-linux-x86_64-debian-gcc

Version: 0.9.3
Check: Rd cross-references
Result: NOTE Undeclared package ‘gsubfn’ in Rd xrefs Flavor: r-devel-linux-x86_64-fedora-clang