CRAN Package Check Results for Package texreg

Last updated on 2024-02-24 10:49:35 CET.

Flavor Version Tinstall Tcheck Ttotal Status Flags
r-devel-linux-x86_64-debian-clang 1.39.3 16.73 166.15 182.88 NOTE
r-devel-linux-x86_64-debian-gcc 1.39.3 15.37 123.86 139.23 NOTE
r-devel-linux-x86_64-fedora-clang 1.39.3 232.57 NOTE
r-devel-linux-x86_64-fedora-gcc 1.39.3 258.92 NOTE
r-devel-windows-x86_64 1.39.3 16.00 170.00 186.00 NOTE
r-patched-linux-x86_64 1.39.3 24.14 162.25 186.39 NOTE
r-release-linux-x86_64 1.39.3 15.47 161.68 177.15 NOTE
r-release-macos-arm64 1.39.3 79.00 NOTE
r-release-macos-x86_64 1.39.3 166.00 NOTE
r-release-windows-x86_64 1.39.3 22.00 198.00 220.00 NOTE
r-oldrel-macos-arm64 1.39.3 78.00 NOTE
r-oldrel-windows-x86_64 1.39.3 26.00 168.00 194.00 NOTE

Check Details

Version: 1.39.3
Check: package dependencies
Result: NOTE Packages which this enhances but not available for checking: 'mnlogit', 'Zelig' Flavors: r-devel-linux-x86_64-debian-clang, r-devel-linux-x86_64-debian-gcc, r-devel-linux-x86_64-fedora-clang, r-devel-linux-x86_64-fedora-gcc, r-devel-windows-x86_64, r-patched-linux-x86_64, r-release-linux-x86_64, r-release-macos-arm64, r-release-macos-x86_64, r-release-windows-x86_64, r-oldrel-windows-x86_64

Version: 1.39.3
Check: package dependencies
Result: NOTE Package which this enhances but not available for checking: ‘mnlogit’ Flavor: r-oldrel-macos-arm64