CRAN Package Check Results for Package tbrf

Last updated on 2024-04-20 18:56:48 CEST.

Flavor Version Tinstall Tcheck Ttotal Status Flags
r-devel-linux-x86_64-debian-clang 0.1.5 5.61 181.43 187.04 NOTE
r-devel-linux-x86_64-debian-gcc 0.1.5 5.66 125.54 131.20 NOTE
r-devel-linux-x86_64-fedora-clang 0.1.5 231.90 NOTE
r-devel-linux-x86_64-fedora-gcc 0.1.5 233.20 NOTE
r-prerel-macos-arm64 0.1.5 62.00 NOTE
r-prerel-windows-x86_64 0.1.5 8.00 130.00 138.00 NOTE
r-patched-linux-x86_64 0.1.5 7.47 166.94 174.41 NOTE
r-release-linux-x86_64 0.1.5 4.25 175.78 180.03 OK
r-release-macos-arm64 0.1.5 66.00 OK
r-release-macos-x86_64 0.1.5 114.00 OK
r-release-windows-x86_64 0.1.5 9.00 175.00 184.00 OK
r-oldrel-macos-arm64 0.1.5 55.00 OK
r-oldrel-windows-x86_64 0.1.5 10.00 168.00 178.00 OK

Check Details

Version: 0.1.5
Check: Rd files
Result: NOTE checkRd: (-1) mean_ci.Rd:24: Lost braces 24 | \item{na.rm}{logical code{TRUE/FALSE}. Remove NAs from the dataset. Defaults | ^ checkRd: (-1) median_ci.Rd:24: Lost braces 24 | \item{na.rm}{logical code{TRUE/FALSE}. Remove NAs from the dataset. Defaults | ^ Flavors: r-devel-linux-x86_64-debian-clang, r-devel-linux-x86_64-debian-gcc, r-devel-linux-x86_64-fedora-clang, r-devel-linux-x86_64-fedora-gcc, r-prerel-macos-arm64, r-prerel-windows-x86_64, r-patched-linux-x86_64