Last updated on 2025-01-16 18:49:58 CET.
Flavor | Version | Tinstall | Tcheck | Ttotal | Status | Flags |
---|---|---|---|---|---|---|
r-devel-linux-x86_64-debian-clang | 1.0.5-5 | 7.47 | 121.06 | 128.53 | OK | |
r-devel-linux-x86_64-debian-gcc | 1.0.5-5 | 4.63 | 83.92 | 88.55 | OK | |
r-devel-linux-x86_64-fedora-clang | 1.0.5-5 | 212.09 | OK | |||
r-devel-linux-x86_64-fedora-gcc | 1.0.5-5 | 221.91 | OK | |||
r-devel-windows-x86_64 | 1.0.5-5 | 13.00 | 108.00 | 121.00 | OK | |
r-patched-linux-x86_64 | 1.0.5-5 | 7.59 | 116.68 | 124.27 | OK | |
r-release-linux-x86_64 | 1.0.5-5 | 7.05 | 114.25 | 121.30 | OK | |
r-release-macos-arm64 | 1.0.5-5 | 213.00 | NOTE | |||
r-release-macos-x86_64 | 1.0.5-5 | 245.00 | NOTE | |||
r-release-windows-x86_64 | 1.0.5-5 | 9.00 | 107.00 | 116.00 | NOTE | |
r-oldrel-macos-arm64 | 1.0.5-5 | 218.00 | NOTE | |||
r-oldrel-macos-x86_64 | 1.0.5-5 | 239.00 | NOTE | |||
r-oldrel-windows-x86_64 | 1.0.5-5 | 10.00 | 122.00 | 132.00 | NOTE |
Version: 1.0.5-5
Check: installed package size
Result: NOTE
installed size is 13.7Mb
sub-directories of 1Mb or more:
java 12.7Mb
Flavors: r-release-macos-arm64, r-release-macos-x86_64, r-release-windows-x86_64, r-oldrel-macos-arm64, r-oldrel-macos-x86_64, r-oldrel-windows-x86_64