Last updated on 2023-01-28 02:57:32 CET.
Flavor | Version | Tinstall | Tcheck | Ttotal | Status | Flags |
---|---|---|---|---|---|---|
r-devel-linux-x86_64-debian-clang | 0.0.3 | 14.56 | 222.99 | 237.55 | OK | |
r-devel-linux-x86_64-debian-gcc | 0.0.3 | 12.07 | 166.33 | 178.40 | OK | |
r-devel-linux-x86_64-fedora-clang | 0.0.3 | 271.02 | NOTE | |||
r-devel-linux-x86_64-fedora-gcc | 0.0.3 | 283.26 | NOTE | |||
r-patched-linux-x86_64 | 0.0.3 | 15.70 | 211.45 | 227.15 | OK | |
r-release-linux-x86_64 | 0.0.3 | 12.98 | 205.80 | 218.78 | OK | |
r-release-macos-arm64 | 0.0.3 | 56.00 | NOTE | |||
r-release-macos-x86_64 | 0.0.3 | 81.00 | NOTE | |||
r-release-windows-x86_64 | 0.0.3 | 26.00 | 238.00 | 264.00 | OK | |
r-oldrel-macos-arm64 | 0.0.3 | 54.00 | NOTE | |||
r-oldrel-macos-x86_64 | 0.0.3 | 85.00 | NOTE | |||
r-oldrel-windows-ix86+x86_64 | 0.0.3 | 36.00 | 263.00 | 299.00 | OK |
Version: 0.0.3
Check: data for non-ASCII characters
Result: NOTE
Note: found 551 marked UTF-8 strings
Flavors: r-devel-linux-x86_64-fedora-clang, r-devel-linux-x86_64-fedora-gcc, r-release-macos-arm64, r-release-macos-x86_64, r-oldrel-macos-arm64, r-oldrel-macos-x86_64