CRAN Package Check Results for Package subscreen

Last updated on 2024-07-15 02:48:25 CEST.

Flavor Version Tinstall Tcheck Ttotal Status Flags
r-devel-linux-x86_64-debian-clang 3.0.7 11.36 90.98 102.34 OK
r-devel-linux-x86_64-debian-gcc 3.0.7 8.39 66.56 74.95 OK
r-devel-linux-x86_64-fedora-clang 3.0.7 122.76 NOTE
r-devel-linux-x86_64-fedora-gcc 3.0.7 130.48 NOTE
r-devel-windows-x86_64 3.0.7 11.00 81.00 92.00 OK
r-patched-linux-x86_64 3.0.7 9.46 85.00 94.46 OK
r-release-linux-x86_64 3.0.7 6.30 82.46 88.76 OK
r-release-macos-arm64 3.0.7 42.00 OK
r-release-macos-x86_64 3.0.7 66.00 OK
r-release-windows-x86_64 3.0.7 9.00 82.00 91.00 OK
r-oldrel-macos-arm64 3.0.7 46.00 OK
r-oldrel-macos-x86_64 3.0.7 74.00 OK
r-oldrel-windows-x86_64 3.0.7 13.00 98.00 111.00 OK

Check Details

Version: 3.0.7
Check: dependencies in R code
Result: NOTE Namespaces in Imports field not imported from: ‘DT’ ‘bsplus’ ‘colourpicker’ ‘grDevices’ ‘graphics’ ‘jsonlite’ ‘purrr’ ‘shinyjs’ All declared Imports should be used. Flavors: r-devel-linux-x86_64-fedora-clang, r-devel-linux-x86_64-fedora-gcc