CRAN Package Check Results for Package stminsights

Last updated on 2023-02-06 02:52:51 CET.

Flavor Version Tinstall Tcheck Ttotal Status Flags
r-devel-linux-x86_64-debian-clang 0.4.1 13.82 136.52 150.34 OK
r-devel-linux-x86_64-debian-gcc 0.4.1 10.16 100.12 110.28 OK
r-devel-linux-x86_64-fedora-clang 0.4.1 184.36 NOTE
r-devel-linux-x86_64-fedora-gcc 0.4.1 186.89 NOTE
r-devel-windows-x86_64 0.4.1 31.00 160.00 191.00 OK
r-patched-linux-x86_64 0.4.1 14.68 128.55 143.23 OK
r-release-linux-x86_64 0.4.1 11.56 128.74 140.30 OK
r-release-macos-arm64 0.4.1 53.00 NOTE
r-release-macos-x86_64 0.4.1 88.00 NOTE
r-release-windows-x86_64 0.4.1 27.00 172.00 199.00 OK
r-oldrel-macos-arm64 0.4.1 58.00 NOTE
r-oldrel-macos-x86_64 0.4.1 89.00 NOTE
r-oldrel-windows-ix86+x86_64 0.4.1 33.00 170.00 203.00 OK

Check Details

Version: 0.4.1
Check: dependencies in R code
Result: NOTE
    Namespaces in Imports field not imported from:
     ‘huge’ ‘readr’ ‘scales’ ‘shinyjs’
     All declared Imports should be used.
Flavors: r-devel-linux-x86_64-fedora-clang, r-devel-linux-x86_64-fedora-gcc, r-release-macos-arm64, r-release-macos-x86_64, r-oldrel-macos-arm64, r-oldrel-macos-x86_64