Last updated on 2023-01-30 18:50:58 CET.
Flavor | Version | Tinstall | Tcheck | Ttotal | Status | Flags |
---|---|---|---|---|---|---|
r-devel-linux-x86_64-debian-clang | 1.1.25 | 20.42 | 301.83 | 322.25 | OK | |
r-devel-linux-x86_64-debian-gcc | 1.1.25 | 18.61 | 215.97 | 234.58 | OK | |
r-devel-linux-x86_64-fedora-clang | 1.1.25 | 375.24 | OK | |||
r-devel-linux-x86_64-fedora-gcc | 1.1.25 | 406.16 | OK | |||
r-devel-windows-x86_64 | 1.1.25 | 88.00 | 428.00 | 516.00 | OK | |
r-patched-linux-x86_64 | 1.1.25 | 23.66 | 272.88 | 296.54 | OK | |
r-release-linux-x86_64 | 1.1.25 | 17.73 | 272.38 | 290.11 | OK | |
r-release-macos-arm64 | 1.1.25 | 126.00 | OK | |||
r-release-macos-x86_64 | 1.1.25 | 257.00 | NOTE | |||
r-release-windows-x86_64 | 1.1.25 | 94.00 | 429.00 | 523.00 | OK | |
r-oldrel-macos-arm64 | 1.1.25 | 117.00 | OK | |||
r-oldrel-macos-x86_64 | 1.1.25 | 181.00 | OK | |||
r-oldrel-windows-ix86+x86_64 | 1.1.25 | 45.00 | 404.00 | 449.00 | OK |
Version: 1.1.25
Check: package dependencies
Result: NOTE
Package suggested but not available for checking: ‘xlsx’
Flavor: r-release-macos-x86_64