CRAN Package Check Results for Package splithalf

Last updated on 2025-01-13 18:49:34 CET.

Flavor Version Tinstall Tcheck Ttotal Status Flags
r-devel-linux-x86_64-debian-clang 0.8.2 19.58 149.89 169.47 NOTE
r-devel-linux-x86_64-debian-gcc 0.8.2 14.34 106.17 120.51 NOTE
r-devel-linux-x86_64-fedora-clang 0.8.2 286.77 NOTE
r-devel-linux-x86_64-fedora-gcc 0.8.2 285.82 NOTE
r-devel-windows-x86_64 0.8.2 24.00 164.00 188.00 NOTE
r-patched-linux-x86_64 0.8.2 20.35 141.26 161.61 NOTE
r-release-linux-x86_64 0.8.2 20.91 140.53 161.44 NOTE
r-release-macos-arm64 0.8.2 87.00 NOTE
r-release-macos-x86_64 0.8.2 124.00 NOTE
r-release-windows-x86_64 0.8.2 24.00 161.00 185.00 NOTE
r-oldrel-macos-arm64 0.8.2 83.00 OK
r-oldrel-macos-x86_64 0.8.2 142.00 OK
r-oldrel-windows-x86_64 0.8.2 31.00 205.00 236.00 OK

Check Details

Version: 0.8.2
Check: Rd files
Result: NOTE checkRd: (-1) speedtestdata.Rd:18: Lost braces in \itemize; meant \describe ? checkRd: (-1) speedtestdata.Rd:19: Lost braces in \itemize; meant \describe ? checkRd: (-1) speedtestdata.Rd:20: Lost braces in \itemize; meant \describe ? checkRd: (-1) speedtestdata.Rd:21: Lost braces in \itemize; meant \describe ? checkRd: (-1) speedtestdata.Rd:22: Lost braces in \itemize; meant \describe ? checkRd: (-1) speedtestdata.Rd:23: Lost braces in \itemize; meant \describe ? Flavors: r-devel-linux-x86_64-debian-clang, r-devel-linux-x86_64-debian-gcc, r-devel-linux-x86_64-fedora-clang, r-devel-linux-x86_64-fedora-gcc, r-devel-windows-x86_64, r-patched-linux-x86_64, r-release-linux-x86_64, r-release-macos-arm64, r-release-macos-x86_64, r-release-windows-x86_64