CRAN Package Check Results for Package spathial

Last updated on 2023-12-10 04:00:11 CET.

Flavor Version Tinstall Tcheck Ttotal Status Flags
r-devel-linux-x86_64-debian-clang 0.1.2 2.41 128.23 130.64 NOTE
r-devel-linux-x86_64-debian-gcc 0.1.2 2.22 99.83 102.05 NOTE
r-devel-linux-x86_64-fedora-clang 0.1.2 159.67 NOTE
r-devel-linux-x86_64-fedora-gcc 0.1.2 187.46 NOTE
r-devel-windows-x86_64 0.1.2 4.00 125.00 129.00 NOTE
r-patched-linux-x86_64 0.1.2 3.25 132.42 135.67 NOTE
r-release-linux-x86_64 0.1.2 3.08 132.43 135.51 NOTE
r-release-macos-arm64 0.1.2 72.00 NOTE
r-release-macos-x86_64 0.1.2 104.00 NOTE
r-release-windows-x86_64 0.1.2 5.00 153.00 158.00 NOTE
r-oldrel-macos-arm64 0.1.2 73.00 NOTE
r-oldrel-macos-x86_64 0.1.2 54.00 ERROR
r-oldrel-windows-x86_64 0.1.2 5.00 142.00 147.00 NOTE

Check Details

Version: 0.1.2
Check: LazyData
Result: NOTE 'LazyData' is specified without a 'data' directory Flavors: r-devel-linux-x86_64-debian-clang, r-devel-linux-x86_64-debian-gcc, r-devel-linux-x86_64-fedora-clang, r-devel-linux-x86_64-fedora-gcc, r-devel-windows-x86_64, r-patched-linux-x86_64, r-release-linux-x86_64, r-release-macos-arm64, r-release-macos-x86_64, r-release-windows-x86_64, r-oldrel-macos-arm64, r-oldrel-macos-x86_64, r-oldrel-windows-x86_64

Version: 0.1.2
Check: dependencies in R code
Result: NOTE Namespaces in Imports field not imported from: ‘irlba’ ‘knitr’ ‘rmarkdown’ All declared Imports should be used. Flavors: r-devel-linux-x86_64-fedora-clang, r-devel-linux-x86_64-fedora-gcc, r-oldrel-macos-arm64, r-oldrel-macos-x86_64

Version: 0.1.2
Check: re-building of vignette outputs
Result: ERROR Error(s) in re-building vignettes: ... --- re-building ‘vignette.rmd’ using rmarkdown Execution halted * checking PDF version of manual ...* using check arguments '--no-clean-on-error ' Flavor: r-oldrel-macos-x86_64