CRAN Package Check Results for Package sparsereg

Last updated on 2023-02-07 10:54:11 CET.

Flavor Version Tinstall Tcheck Ttotal Status Flags
r-devel-linux-x86_64-debian-clang 1.2 84.02 127.71 211.73 OK
r-devel-linux-x86_64-debian-gcc 1.2 61.43 96.90 158.33 OK
r-devel-linux-x86_64-fedora-clang 1.2 282.07 NOTE
r-devel-linux-x86_64-fedora-gcc 1.2 259.37 NOTE
r-devel-windows-x86_64 1.2 74.00 166.00 240.00 OK
r-patched-linux-x86_64 1.2 67.77 123.75 191.52 OK
r-release-linux-x86_64 1.2 66.52 122.23 188.75 OK
r-release-macos-arm64 1.2 67.00 OK
r-release-macos-x86_64 1.2 129.00 OK
r-release-windows-x86_64 1.2 170.00 180.00 350.00 OK
r-oldrel-macos-arm64 1.2 74.00 OK
r-oldrel-macos-x86_64 1.2 130.00 OK
r-oldrel-windows-ix86+x86_64 1.2 188.00 196.00 384.00 OK

Check Details

Version: 1.2
Check: compiled code
Result: NOTE
    File ‘sparsereg/libs/sparsereg.so’:
     Found no calls to: ‘R_registerRoutines’, ‘R_useDynamicSymbols’
    
    It is good practice to register native routines and to disable symbol
    search.
    
    See ‘Writing portable packages’ in the ‘Writing R Extensions’ manual.
Flavors: r-devel-linux-x86_64-fedora-clang, r-devel-linux-x86_64-fedora-gcc