CRAN Package Check Results for Package spMaps

Last updated on 2018-08-17 18:47:13 CEST.

Flavor Version Tinstall Tcheck Ttotal Status Flags
r-devel-linux-x86_64-debian-clang 0.3 8.93 74.63 83.56 OK
r-devel-linux-x86_64-debian-gcc 0.3 7.40 60.56 67.96 OK
r-devel-linux-x86_64-fedora-clang 0.3 100.58 OK
r-devel-linux-x86_64-fedora-gcc 0.3 99.40 OK
r-devel-windows-ix86+x86_64 0.3 14.00 103.00 117.00 OK
r-patched-linux-x86_64 0.3 7.70 63.26 70.96 OK
r-patched-solaris-x86 0.3 158.00 OK
r-release-linux-x86_64 0.3 7.67 62.82 70.49 OK
r-release-windows-ix86+x86_64 0.3 15.00 93.00 108.00 OK
r-release-osx-x86_64 0.3 NOTE
r-oldrel-windows-ix86+x86_64 0.3 13.00 99.00 112.00 OK
r-oldrel-osx-x86_64 0.3 OK

Check Details

Version: 0.3
Check: package dependencies
Result: NOTE
    Package suggested but not available for checking: ‘antaresViz’
Flavor: r-release-osx-x86_64

Version: 0.3
Check: Rd cross-references
Result: NOTE
    Package unavailable to check Rd xrefs: ‘antaresViz’
Flavor: r-release-osx-x86_64