CRAN Package Check Results for Package spMaps

Last updated on 2018-11-17 02:48:46 CET.

Flavor Version Tinstall Tcheck Ttotal Status Flags
r-devel-linux-x86_64-debian-clang 0.3 8.89 74.95 83.84 OK
r-devel-linux-x86_64-debian-gcc 0.3 8.57 60.64 69.21 OK
r-devel-linux-x86_64-fedora-clang 0.3 115.27 OK
r-devel-linux-x86_64-fedora-gcc 0.3 97.98 OK
r-devel-windows-ix86+x86_64 0.3 16.00 100.00 116.00 OK
r-patched-linux-x86_64 0.3 7.83 72.73 80.56 OK
r-patched-solaris-x86 0.3 181.00 OK
r-release-linux-x86_64 0.3 7.56 72.59 80.15 OK
r-release-windows-ix86+x86_64 0.3 17.00 92.00 109.00 OK
r-release-osx-x86_64 0.3 NOTE
r-oldrel-windows-ix86+x86_64 0.3 21.00 120.00 141.00 OK
r-oldrel-osx-x86_64 0.3 OK

Check Details

Version: 0.3
Check: package dependencies
Result: NOTE
    Package suggested but not available for checking: ‘antaresViz’
Flavor: r-release-osx-x86_64

Version: 0.3
Check: Rd cross-references
Result: NOTE
    Package unavailable to check Rd xrefs: ‘antaresViz’
Flavor: r-release-osx-x86_64