CRAN Package Check Results for Package sorcering

Last updated on 2024-02-24 10:49:34 CET.

Flavor Version Tinstall Tcheck Ttotal Status Flags
r-devel-linux-x86_64-debian-clang 1.0.0.1 83.81 39.79 123.60 OK
r-devel-linux-x86_64-debian-gcc 1.0.0.1 67.05 30.94 97.99 OK
r-devel-linux-x86_64-fedora-clang 1.0.0.1 164.33 OK
r-devel-linux-x86_64-fedora-gcc 1.0.0.1 188.34 OK
r-devel-windows-x86_64 1.0.0.1 63.00 85.00 148.00 OK
r-patched-linux-x86_64 1.0.0.1 81.73 39.19 120.92 OK
r-release-linux-x86_64 1.0.0.1 74.31 38.61 112.92 OK
r-release-macos-arm64 1.0.0.1 73.00 NOTE
r-release-macos-x86_64 1.0.0.1 165.00 NOTE
r-release-windows-x86_64 1.0.0.1 84.00 92.00 176.00 OK
r-oldrel-macos-arm64 1.0.0.1 64.00 NOTE
r-oldrel-windows-x86_64 1.0.0.1 76.00 90.00 166.00 OK

Check Details

Version: 1.0.0.1
Check: installed package size
Result: NOTE installed size is 7.6Mb sub-directories of 1Mb or more: libs 7.2Mb Flavors: r-release-macos-arm64, r-release-macos-x86_64, r-oldrel-macos-arm64