CRAN Package Check Results for Package smallsets

Last updated on 2024-07-15 02:48:24 CEST.

Flavor Version Tinstall Tcheck Ttotal Status Flags
r-devel-linux-x86_64-debian-clang 2.0.0 8.28 177.22 185.50 NOTE
r-devel-linux-x86_64-debian-gcc 2.0.0 7.21 125.81 133.02 NOTE
r-devel-linux-x86_64-fedora-clang 2.0.0 238.32 NOTE
r-devel-linux-x86_64-fedora-gcc 2.0.0 241.69 NOTE
r-devel-windows-x86_64 2.0.0 10.00 132.00 142.00 NOTE
r-patched-linux-x86_64 2.0.0 6.70 169.55 176.25 NOTE
r-release-linux-x86_64 2.0.0 6.67 165.74 172.41 NOTE
r-release-macos-arm64 2.0.0 60.00 NOTE
r-release-macos-x86_64 2.0.0 96.00 NOTE
r-release-windows-x86_64 2.0.0 11.00 132.00 143.00 NOTE
r-oldrel-macos-arm64 2.0.0 76.00 NOTE
r-oldrel-macos-x86_64 2.0.0 152.00 NOTE
r-oldrel-windows-x86_64 2.0.0 14.00 167.00 181.00 NOTE

Check Details

Version: 2.0.0
Check: package dependencies
Result: NOTE Package suggested but not available for checking: ‘gurobi’ Flavors: r-devel-linux-x86_64-debian-clang, r-devel-linux-x86_64-debian-gcc, r-devel-linux-x86_64-fedora-clang, r-devel-linux-x86_64-fedora-gcc, r-devel-windows-x86_64, r-patched-linux-x86_64, r-release-linux-x86_64, r-release-macos-arm64, r-release-macos-x86_64, r-release-windows-x86_64, r-oldrel-macos-arm64, r-oldrel-macos-x86_64, r-oldrel-windows-x86_64