CRAN Package Check Results for Package sm

Last updated on 2023-01-30 10:52:13 CET.

Flavor Version Tinstall Tcheck Ttotal Status Flags
r-devel-linux-x86_64-debian-clang 2.2-5.7.1 16.30 86.18 102.48 WARN
r-devel-linux-x86_64-debian-gcc 2.2-5.7.1 13.30 64.53 77.83 WARN
r-devel-linux-x86_64-fedora-clang 2.2-5.7.1 134.67 WARN
r-devel-linux-x86_64-fedora-gcc 2.2-5.7.1 136.80 WARN
r-devel-windows-x86_64 2.2-5.7.1 92.00 129.00 221.00 WARN
r-patched-linux-x86_64 2.2-5.7.1 18.72 84.06 102.78 WARN
r-release-linux-x86_64 2.2-5.7.1 16.15 83.97 100.12 WARN
r-release-macos-arm64 2.2-5.7.1 47.00 OK
r-release-macos-x86_64 2.2-5.7.1 52.00 OK
r-release-windows-x86_64 2.2-5.7.1 60.00 129.00 189.00 WARN
r-oldrel-macos-arm64 2.2-5.7.1 43.00 OK
r-oldrel-macos-x86_64 2.2-5.7.1 49.00 OK
r-oldrel-windows-ix86+x86_64 2.2-5.7.1 31.00 127.00 158.00 WARN

Check Details

Version: 2.2-5.7.1
Check: examples
Result: WARN
    Found the following significant warnings:
    
     Warning: 'rgl::rgl.viewpoint' is deprecated.
     Warning: 'rgl::rgl.lines' is deprecated.
     Warning: 'rgl::rgl.lines' is deprecated.
     Warning: 'rgl::rgl.lines' is deprecated.
     Warning: 'rgl::rgl.lines' is deprecated.
     Warning: 'rgl::rgl.lines' is deprecated.
     Warning: 'rgl::rgl.lines' is deprecated.
     Warning: 'rgl::rgl.texts' is deprecated.
     Warning: 'rgl::rgl.texts' is deprecated.
     Warning: 'rgl::rgl.texts' is deprecated.
     Warning: 'rgl::rgl.texts' is deprecated.
     Warning: 'rgl::rgl.texts' is deprecated.
     Warning: 'rgl::rgl.lines' is deprecated.
     Warning: 'rgl::rgl.lines' is deprecated.
     Warning: 'rgl::rgl.lines' is deprecated.
     Warning: 'rgl::rgl.points' is deprecated.
    Deprecated functions may be defunct as soon as of the next release of
    R.
    See ?Deprecated.
Flavors: r-devel-linux-x86_64-debian-clang, r-devel-linux-x86_64-debian-gcc, r-devel-linux-x86_64-fedora-clang, r-devel-linux-x86_64-fedora-gcc, r-devel-windows-x86_64, r-patched-linux-x86_64, r-release-linux-x86_64, r-release-windows-x86_64

Version: 2.2-5.7.1
Check: running examples for arch ‘i386’
Result: WARN
    Found the following significant warnings:
    
     Warning: 'rgl::rgl.viewpoint' is deprecated.
     Warning: 'rgl::rgl.lines' is deprecated.
     Warning: 'rgl::rgl.lines' is deprecated.
     Warning: 'rgl::rgl.lines' is deprecated.
     Warning: 'rgl::rgl.lines' is deprecated.
     Warning: 'rgl::rgl.lines' is deprecated.
     Warning: 'rgl::rgl.lines' is deprecated.
     Warning: 'rgl::rgl.texts' is deprecated.
     Warning: 'rgl::rgl.texts' is deprecated.
     Warning: 'rgl::rgl.texts' is deprecated.
     Warning: 'rgl::rgl.texts' is deprecated.
     Warning: 'rgl::rgl.texts' is deprecated.
     Warning: 'rgl::rgl.lines' is deprecated.
     Warning: 'rgl::rgl.lines' is deprecated.
     Warning: 'rgl::rgl.lines' is deprecated.
     Warning: 'rgl::rgl.points' is deprecated.
    Deprecated functions may be defunct as soon as of the next release of
    R.
    See ?Deprecated.
Flavor: r-oldrel-windows-ix86+x86_64

Version: 2.2-5.7.1
Check: running examples for arch ‘x64’
Result: WARN
    Found the following significant warnings:
    
     Warning: 'rgl::rgl.viewpoint' is deprecated.
     Warning: 'rgl::rgl.lines' is deprecated.
     Warning: 'rgl::rgl.lines' is deprecated.
     Warning: 'rgl::rgl.lines' is deprecated.
     Warning: 'rgl::rgl.lines' is deprecated.
     Warning: 'rgl::rgl.lines' is deprecated.
     Warning: 'rgl::rgl.lines' is deprecated.
     Warning: 'rgl::rgl.texts' is deprecated.
     Warning: 'rgl::rgl.texts' is deprecated.
     Warning: 'rgl::rgl.texts' is deprecated.
     Warning: 'rgl::rgl.texts' is deprecated.
     Warning: 'rgl::rgl.texts' is deprecated.
     Warning: 'rgl::rgl.lines' is deprecated.
     Warning: 'rgl::rgl.lines' is deprecated.
     Warning: 'rgl::rgl.lines' is deprecated.
     Warning: 'rgl::rgl.points' is deprecated.
    Deprecated functions may be defunct as soon as of the next release of
    R.
    See ?Deprecated.
Flavor: r-oldrel-windows-ix86+x86_64