CRAN Package Check Results for Package sjSDM

Last updated on 2023-01-27 11:49:39 CET.

Flavor Version Tinstall Tcheck Ttotal Status Flags
r-devel-linux-x86_64-debian-clang 1.0.3 14.97 148.69 163.66 OK
r-devel-linux-x86_64-debian-gcc 1.0.3 10.80 110.34 121.14 OK
r-devel-linux-x86_64-fedora-clang 1.0.3 209.83 OK
r-devel-linux-x86_64-fedora-gcc 1.0.3 215.42 OK
r-patched-linux-x86_64 1.0.3 14.04 141.64 155.68 OK
r-release-linux-x86_64 1.0.3 11.79 142.00 153.79 OK
r-release-macos-arm64 1.0.3 51.00 NOTE
r-release-macos-x86_64 1.0.3 81.00 NOTE
r-release-windows-x86_64 1.0.3 890.00 405.00 1295.00 OK
r-oldrel-macos-arm64 1.0.3 51.00 NOTE
r-oldrel-macos-x86_64 1.0.3 87.00 NOTE
r-oldrel-windows-ix86+x86_64 1.0.3 87.00 307.00 394.00 OK

Check Details

Version: 1.0.3
Check: whether the namespace can be loaded with stated dependencies
Result: NOTE
    Warning in py_initialize(config$python, config$libpython, config$pythonhome, :
     Python 2 reached EOL on January 1, 2020. Python 2 compatability be removed in an upcoming reticulate release.
    
    A namespace must be able to be loaded with just the base namespace
    loaded: otherwise if the namespace gets loaded by a saved object, the
    session will be unable to start.
    
    Probably some imports need to be declared in the NAMESPACE file.
Flavors: r-release-macos-arm64, r-release-macos-x86_64, r-oldrel-macos-arm64, r-oldrel-macos-x86_64