CRAN Package Check Results for Package simsem

Last updated on 2024-07-17 11:32:03 CEST.

Flavor Version Tinstall Tcheck Ttotal Status Flags
r-devel-linux-x86_64-debian-clang 0.5-16 21.00 152.86 173.86 NOTE
r-devel-linux-x86_64-debian-gcc 0.5-16 18.47 105.36 123.83 NOTE
r-devel-linux-x86_64-fedora-clang 0.5-16 210.82 NOTE
r-devel-linux-x86_64-fedora-gcc 0.5-16 199.70 NOTE
r-devel-windows-x86_64 0.5-16 19.00 135.00 154.00 NOTE
r-patched-linux-x86_64 0.5-16 25.83 139.55 165.38 NOTE
r-release-linux-x86_64 0.5-16 20.74 141.30 162.04 NOTE
r-release-macos-arm64 0.5-16 50.00 NOTE
r-release-macos-x86_64 0.5-16 82.00 NOTE
r-release-windows-x86_64 0.5-16 17.00 128.00 145.00 NOTE
r-oldrel-macos-arm64 0.5-16 56.00 OK
r-oldrel-macos-x86_64 0.5-16 98.00 NOTE
r-oldrel-windows-x86_64 0.5-16 17.00 153.00 170.00 OK

Check Details

Version: 0.5-16
Check: Rd files
Result: NOTE checkRd: (-1) SimDataDist-class.Rd:28: Lost braces in \itemize; meant \describe ? checkRd: (-1) SimDataDist-class.Rd:29: Lost braces in \itemize; meant \describe ? checkRd: (-1) createData.Rd:7: Lost braces 7 | This function can be used to create data from a set of parameters created from \code{\link{draw}}, called a code{paramSet}. This function is used internally to create data, and is available publicly for accessibility and debugging. | ^ checkRd: (-1) exportData.Rd:7: Lost braces 7 | This function can be used to export data created from a set of parameters created from \code{\link{draw}}, called a code{paramSet}. This function can export data to be analyzed with either Mplus or LISREL. | ^ Flavors: r-devel-linux-x86_64-debian-clang, r-devel-linux-x86_64-debian-gcc, r-devel-linux-x86_64-fedora-clang, r-devel-linux-x86_64-fedora-gcc, r-devel-windows-x86_64, r-patched-linux-x86_64, r-release-linux-x86_64, r-release-macos-arm64, r-release-macos-x86_64, r-release-windows-x86_64

Version: 0.5-16
Check: Rd cross-references
Result: NOTE Found the following Rd file(s) with Rd \link{} targets missing package anchors: analyze.Rd: lavaan-class getExtraOutput.Rd: lavaan-class likRatioFit.Rd: lavaan-class modelLavaan.Rd: lavaan-class pValue.Rd: lavaan-class pValueNested.Rd: lavaan-class pValueNonNested.Rd: lavaan-class sim.Rd: lavaan-class Please provide package anchors for all Rd \link{} targets not in the package itself and the base packages. Flavor: r-devel-windows-x86_64

Version: 0.5-16
Check: package dependencies
Result: NOTE Packages suggested but not available for checking: 'quantreg', 'semTools', 'OpenMx', 'copula' Flavor: r-oldrel-macos-x86_64

Version: 0.5-16
Check: Rd cross-references
Result: NOTE Package unavailable to check Rd xrefs: ‘copula’ Flavor: r-oldrel-macos-x86_64