Last updated on 2025-01-13 18:49:30 CET.
Flavor | Version | Tinstall | Tcheck | Ttotal | Status | Flags |
---|---|---|---|---|---|---|
r-devel-linux-x86_64-debian-clang | 0.1.1 | 8.34 | 74.20 | 82.54 | NOTE | |
r-devel-linux-x86_64-debian-gcc | 0.1.1 | 6.15 | 48.98 | 55.13 | NOTE | |
r-devel-linux-x86_64-fedora-clang | 0.1.1 | 136.59 | NOTE | |||
r-devel-linux-x86_64-fedora-gcc | 0.1.1 | 122.38 | NOTE | |||
r-devel-windows-x86_64 | 0.1.1 | 11.00 | 91.00 | 102.00 | NOTE | |
r-patched-linux-x86_64 | 0.1.1 | 8.92 | 68.03 | 76.95 | NOTE | |
r-release-linux-x86_64 | 0.1.1 | 8.09 | 67.29 | 75.38 | NOTE | |
r-release-macos-arm64 | 0.1.1 | 36.00 | NOTE | |||
r-release-macos-x86_64 | 0.1.1 | 55.00 | NOTE | |||
r-release-windows-x86_64 | 0.1.1 | 9.00 | 90.00 | 99.00 | NOTE | |
r-oldrel-macos-arm64 | 0.1.1 | 35.00 | OK | |||
r-oldrel-macos-x86_64 | 0.1.1 | 61.00 | OK | |||
r-oldrel-windows-x86_64 | 0.1.1 | 11.00 | 102.00 | 113.00 | OK |
Version: 0.1.1
Check: Rd files
Result: NOTE
checkRd: (-1) sim_Y_Binary_X.Rd:51: Lost braces
51 | \item \code{dist = "binomial"} is drawn from eqn{Bin(XB, XB(1-XB))}
| ^
Flavors: r-devel-linux-x86_64-debian-clang, r-devel-linux-x86_64-debian-gcc, r-devel-linux-x86_64-fedora-clang, r-devel-linux-x86_64-fedora-gcc, r-devel-windows-x86_64, r-patched-linux-x86_64, r-release-linux-x86_64, r-release-macos-arm64, r-release-macos-x86_64, r-release-windows-x86_64