Last updated on 2023-02-06 18:52:19 CET.
Flavor | Version | Tinstall | Tcheck | Ttotal | Status | Flags |
---|---|---|---|---|---|---|
r-devel-linux-x86_64-debian-clang | 0.7-7 | 6.75 | 47.76 | 54.51 | OK | |
r-devel-linux-x86_64-debian-gcc | 0.7-7 | 4.97 | 36.58 | 41.55 | OK | |
r-devel-linux-x86_64-fedora-clang | 0.7-7 | 69.08 | NOTE | |||
r-devel-linux-x86_64-fedora-gcc | 0.7-7 | 67.15 | NOTE | |||
r-devel-windows-x86_64 | 0.7-7 | 53.00 | 92.00 | 145.00 | OK | |
r-patched-linux-x86_64 | 0.7-7 | 8.26 | 44.92 | 53.18 | OK | |
r-release-linux-x86_64 | 0.7-7 | 5.62 | 45.26 | 50.88 | OK | |
r-release-macos-arm64 | 0.7-7 | 23.00 | OK | |||
r-release-macos-x86_64 | 0.7-7 | 36.00 | OK | |||
r-release-windows-x86_64 | 0.7-7 | 37.00 | 99.00 | 136.00 | OK | |
r-oldrel-macos-arm64 | 0.7-7 | 30.00 | OK | |||
r-oldrel-macos-x86_64 | 0.7-7 | 46.00 | OK | |||
r-oldrel-windows-ix86+x86_64 | 0.7-7 | 17.00 | 83.00 | 100.00 | OK |
Version: 0.7-7
Check: compiled code
Result: NOTE
File ‘signal/libs/signal.so’:
Found no calls to: ‘R_registerRoutines’, ‘R_useDynamicSymbols’
It is good practice to register native routines and to disable symbol
search.
See ‘Writing portable packages’ in the ‘Writing R Extensions’ manual.
Flavors: r-devel-linux-x86_64-fedora-clang, r-devel-linux-x86_64-fedora-gcc