Last updated on 2023-02-08 02:57:24 CET.
Flavor | Version | Tinstall | Tcheck | Ttotal | Status | Flags |
---|---|---|---|---|---|---|
r-devel-linux-x86_64-debian-clang | 2.1.9 | 54.37 | 312.63 | 367.00 | NOTE | |
r-devel-linux-x86_64-debian-gcc | 2.1.9 | 39.96 | 224.54 | 264.50 | NOTE | |
r-devel-linux-x86_64-fedora-clang | 2.1.9 | 468.39 | NOTE | |||
r-devel-linux-x86_64-fedora-gcc | 2.1.9 | 435.44 | NOTE | |||
r-devel-windows-x86_64 | 2.1.9 | 135.00 | 401.00 | 536.00 | OK | |
r-patched-linux-x86_64 | 2.1.9 | 43.45 | 278.17 | 321.62 | OK | |
r-release-linux-x86_64 | 2.1.9 | 44.86 | 275.13 | 319.99 | OK | |
r-release-macos-arm64 | 2.1.9 | 108.00 | NOTE | |||
r-release-macos-x86_64 | 2.1.9 | 138.00 | NOTE | |||
r-release-windows-x86_64 | 2.1.9 | 163.00 | 456.00 | 619.00 | OK | |
r-oldrel-macos-arm64 | 2.1.9 | 121.00 | NOTE | |||
r-oldrel-macos-x86_64 | 2.1.9 | 153.00 | OK | |||
r-oldrel-windows-ix86+x86_64 | 2.1.9 | 108.00 | 480.00 | 588.00 | NOTE |
Version: 2.1.9
Check: package dependencies
Result: NOTE
Package suggested but not available for checking: ‘copynumber’
Flavors: r-devel-linux-x86_64-debian-clang, r-devel-linux-x86_64-debian-gcc, r-devel-linux-x86_64-fedora-clang, r-devel-linux-x86_64-fedora-gcc, r-oldrel-macos-arm64
Version: 2.1.9
Check: package dependencies
Result: NOTE
Packages suggested but not available for checking:
'BSgenome.Hsapiens.UCSC.hg19', 'copynumber'
Flavor: r-release-macos-arm64
Version: 2.1.9
Check: package dependencies
Result: NOTE
Package suggested but not available for checking: ‘BSgenome.Hsapiens.UCSC.hg19’
Flavor: r-release-macos-x86_64
Version: 2.1.9
Check: installed package size
Result: NOTE
installed size is 5.4Mb
sub-directories of 1Mb or more:
libs 2.0Mb
Flavor: r-oldrel-windows-ix86+x86_64