Last updated on 2023-01-30 18:50:57 CET.
Flavor | Version | Tinstall | Tcheck | Ttotal | Status | Flags |
---|---|---|---|---|---|---|
r-devel-linux-x86_64-debian-clang | 2.6.0 | 14.07 | 140.56 | 154.63 | NOTE | |
r-devel-linux-x86_64-debian-gcc | 2.6.0 | 10.07 | 103.86 | 113.93 | NOTE | |
r-devel-linux-x86_64-fedora-clang | 2.6.0 | 191.66 | NOTE | |||
r-devel-linux-x86_64-fedora-gcc | 2.6.0 | 199.25 | NOTE | |||
r-devel-windows-x86_64 | 2.6.0 | 192.00 | 186.00 | 378.00 | NOTE | |
r-patched-linux-x86_64 | 2.6.0 | 15.16 | 136.09 | 151.25 | NOTE | |
r-release-linux-x86_64 | 2.6.0 | 11.67 | 137.53 | 149.20 | NOTE | |
r-release-macos-arm64 | 2.6.0 | 56.00 | NOTE | |||
r-release-macos-x86_64 | 2.6.0 | 98.00 | NOTE | |||
r-release-windows-x86_64 | 2.6.0 | 265.00 | 186.00 | 451.00 | NOTE | |
r-oldrel-macos-arm64 | 2.6.0 | 53.00 | NOTE | |||
r-oldrel-macos-x86_64 | 2.6.0 | 72.00 | NOTE | |||
r-oldrel-windows-ix86+x86_64 | 2.6.0 | 33.00 | 170.00 | 203.00 | NOTE |
Version: 2.6.0
Check: package dependencies
Result: NOTE
Package suggested but not available for checking: ‘cmdstanr’
Flavors: r-devel-linux-x86_64-debian-clang, r-devel-linux-x86_64-debian-gcc, r-devel-linux-x86_64-fedora-clang, r-devel-linux-x86_64-fedora-gcc, r-devel-windows-x86_64, r-patched-linux-x86_64, r-release-linux-x86_64, r-release-macos-arm64, r-release-macos-x86_64, r-release-windows-x86_64, r-oldrel-macos-arm64, r-oldrel-macos-x86_64, r-oldrel-windows-ix86+x86_64