Last updated on 2025-01-25 10:49:24 CET.
Flavor | Version | Tinstall | Tcheck | Ttotal | Status | Flags |
---|---|---|---|---|---|---|
r-devel-linux-x86_64-debian-clang | 0.1.0 | 15.91 | 103.83 | 119.74 | OK | |
r-devel-linux-x86_64-debian-gcc | 0.1.0 | 10.87 | 73.82 | 84.69 | OK | |
r-devel-linux-x86_64-fedora-clang | 0.1.0 | 195.13 | OK | |||
r-devel-linux-x86_64-fedora-gcc | 0.1.0 | 180.00 | OK | |||
r-devel-windows-x86_64 | 0.1.0 | 16.00 | 103.00 | 119.00 | OK | |
r-patched-linux-x86_64 | 0.1.0 | 12.55 | 99.54 | 112.09 | NOTE | |
r-release-linux-x86_64 | 0.1.0 | 13.92 | 97.53 | 111.45 | NOTE | |
r-release-macos-arm64 | 0.1.0 | 51.00 | NOTE | |||
r-release-macos-x86_64 | 0.1.0 | 73.00 | NOTE | |||
r-release-windows-x86_64 | 0.1.0 | 15.00 | 105.00 | 120.00 | NOTE | |
r-oldrel-macos-arm64 | 0.1.0 | 59.00 | NOTE | |||
r-oldrel-macos-x86_64 | 0.1.0 | 95.00 | NOTE | |||
r-oldrel-windows-x86_64 | 0.1.0 | 21.00 | 131.00 | 152.00 | NOTE |
Version: 0.1.0
Check: LazyData
Result: NOTE
'LazyData' is specified without a 'data' directory
Flavors: r-patched-linux-x86_64, r-release-linux-x86_64, r-release-macos-arm64, r-release-macos-x86_64, r-release-windows-x86_64, r-oldrel-macos-arm64, r-oldrel-macos-x86_64, r-oldrel-windows-x86_64