CRAN Package Check Results for Package shinymanager

Last updated on 2025-01-19 10:49:17 CET.

Flavor Version Tinstall Tcheck Ttotal Status Flags
r-devel-linux-x86_64-debian-clang 1.0.410 10.82 78.48 89.30 NOTE
r-devel-linux-x86_64-debian-gcc 1.0.410 6.97 54.36 61.33 NOTE
r-devel-linux-x86_64-fedora-clang 1.0.410 140.04 NOTE
r-devel-linux-x86_64-fedora-gcc 1.0.410 156.18 NOTE
r-devel-windows-x86_64 1.0.410 13.00 97.00 110.00 NOTE
r-patched-linux-x86_64 1.0.410 9.67 72.24 81.91 NOTE
r-release-linux-x86_64 1.0.410 10.35 70.72 81.07 NOTE
r-release-macos-arm64 1.0.410 47.00 NOTE
r-release-macos-x86_64 1.0.410 76.00 NOTE
r-release-windows-x86_64 1.0.410 14.00 93.00 107.00 NOTE
r-oldrel-macos-arm64 1.0.410 49.00 OK
r-oldrel-macos-x86_64 1.0.410 78.00 OK
r-oldrel-windows-x86_64 1.0.410 15.00 109.00 124.00 OK

Check Details

Version: 1.0.410
Check: Rd files
Result: NOTE checkRd: (-1) custom-labels.Rd:7: Lost braces; missing escapes or markup? 7 | \title{Modify {shinymanager} labels to use custom text} | ^ checkRd: (-1) use_language.Rd:5: Lost braces; missing escapes or markup? 5 | \title{Use {shinymanager} labels} | ^ Flavors: r-devel-linux-x86_64-debian-clang, r-devel-linux-x86_64-debian-gcc, r-devel-linux-x86_64-fedora-clang, r-devel-linux-x86_64-fedora-gcc, r-devel-windows-x86_64, r-patched-linux-x86_64, r-release-linux-x86_64, r-release-macos-arm64, r-release-macos-x86_64, r-release-windows-x86_64