Last updated on 2025-01-24 18:49:56 CET.
Flavor | Version | Tinstall | Tcheck | Ttotal | Status | Flags |
---|---|---|---|---|---|---|
r-devel-linux-x86_64-debian-clang | 0.1 | 12.39 | 89.78 | 102.17 | OK | |
r-devel-linux-x86_64-debian-gcc | 0.1 | 9.48 | 66.73 | 76.21 | OK | |
r-devel-linux-x86_64-fedora-clang | 0.1 | 165.00 | OK | |||
r-devel-linux-x86_64-fedora-gcc | 0.1 | 153.82 | OK | |||
r-devel-windows-x86_64 | 0.1 | 14.00 | 95.00 | 109.00 | OK | |
r-patched-linux-x86_64 | 0.1 | 10.57 | 85.01 | 95.58 | NOTE | |
r-release-linux-x86_64 | 0.1 | 11.39 | 83.68 | 95.07 | NOTE | |
r-release-macos-arm64 | 0.1 | 38.00 | NOTE | |||
r-release-macos-x86_64 | 0.1 | 64.00 | NOTE | |||
r-release-windows-x86_64 | 0.1 | 12.00 | 97.00 | 109.00 | NOTE | |
r-oldrel-macos-arm64 | 0.1 | 42.00 | NOTE | |||
r-oldrel-macos-x86_64 | 0.1 | 69.00 | NOTE | |||
r-oldrel-windows-x86_64 | 0.1 | 17.00 | 117.00 | 134.00 | NOTE |
Version: 0.1
Check: LazyData
Result: NOTE
'LazyData' is specified without a 'data' directory
Flavors: r-patched-linux-x86_64, r-release-linux-x86_64, r-release-macos-arm64, r-release-macos-x86_64, r-release-windows-x86_64, r-oldrel-macos-arm64, r-oldrel-macos-x86_64, r-oldrel-windows-x86_64