CRAN Package Check Results for Package shinyAce

Last updated on 2024-02-28 18:50:47 CET.

Flavor Version Tinstall Tcheck Ttotal Status Flags
r-devel-linux-x86_64-debian-clang 0.4.2 5.21 45.87 51.08 OK
r-devel-linux-x86_64-debian-gcc 0.4.2 4.02 35.01 39.03 OK
r-devel-linux-x86_64-fedora-clang 0.4.2 65.41 NOTE
r-devel-linux-x86_64-fedora-gcc 0.4.2 80.36 OK
r-devel-windows-x86_64 0.4.2 8.00 58.00 66.00 NOTE
r-patched-linux-x86_64 0.4.2 6.29 43.98 50.27 OK
r-release-linux-x86_64 0.4.2 4.99 44.17 49.16 OK
r-release-macos-arm64 0.4.2 32.00 NOTE
r-release-macos-x86_64 0.4.2 48.00 NOTE
r-release-windows-x86_64 0.4.2 10.00 64.00 74.00 NOTE
r-oldrel-macos-arm64 0.4.2 28.00 NOTE
r-oldrel-windows-x86_64 0.4.2 13.00 70.00 83.00 NOTE

Check Details

Version: 0.4.2
Check: installed package size
Result: NOTE installed size is 8.1Mb sub-directories of 1Mb or more: www 7.7Mb Flavors: r-devel-linux-x86_64-fedora-clang, r-devel-windows-x86_64, r-release-macos-arm64, r-release-macos-x86_64, r-release-windows-x86_64, r-oldrel-macos-arm64, r-oldrel-windows-x86_64