Last updated on 2023-02-05 11:10:48 CET.
Flavor | Version | Tinstall | Tcheck | Ttotal | Status | Flags |
---|---|---|---|---|---|---|
r-devel-linux-x86_64-debian-clang | 0.4.2 | 5.34 | 44.45 | 49.79 | OK | |
r-devel-linux-x86_64-debian-gcc | 0.4.2 | 5.04 | 35.04 | 40.08 | OK | |
r-devel-linux-x86_64-fedora-clang | 0.4.2 | 64.84 | NOTE | |||
r-devel-linux-x86_64-fedora-gcc | 0.4.2 | 74.22 | OK | |||
r-devel-windows-x86_64 | 0.4.2 | 190.00 | 95.00 | 285.00 | NOTE | |
r-patched-linux-x86_64 | 0.4.2 | 5.92 | 43.75 | 49.67 | OK | |
r-release-linux-x86_64 | 0.4.2 | 5.23 | 43.88 | 49.11 | OK | |
r-release-macos-arm64 | 0.4.2 | 28.00 | NOTE | |||
r-release-macos-x86_64 | 0.4.2 | 40.00 | NOTE | |||
r-release-windows-x86_64 | 0.4.2 | 134.00 | 91.00 | 225.00 | NOTE | |
r-oldrel-macos-arm64 | 0.4.2 | 29.00 | NOTE | |||
r-oldrel-macos-x86_64 | 0.4.2 | 42.00 | NOTE | |||
r-oldrel-windows-ix86+x86_64 | 0.4.2 | 17.00 | 79.00 | 96.00 | NOTE |
Version: 0.4.2
Check: installed package size
Result: NOTE
installed size is 8.1Mb
sub-directories of 1Mb or more:
www 7.7Mb
Flavors: r-devel-linux-x86_64-fedora-clang, r-devel-windows-x86_64, r-release-macos-arm64, r-release-macos-x86_64, r-release-windows-x86_64, r-oldrel-macos-arm64, r-oldrel-macos-x86_64, r-oldrel-windows-ix86+x86_64