Last updated on 2025-01-20 10:54:24 CET.
Flavor | Version | Tinstall | Tcheck | Ttotal | Status | Flags |
---|---|---|---|---|---|---|
r-devel-linux-x86_64-debian-clang | 0.1.0 | 3.14 | 36.49 | 39.63 | OK | |
r-devel-linux-x86_64-debian-gcc | 0.1.0 | 2.85 | 28.09 | 30.94 | OK | |
r-devel-linux-x86_64-fedora-clang | 0.1.0 | 111.80 | NOTE | |||
r-devel-linux-x86_64-fedora-gcc | 0.1.0 | 120.93 | NOTE | |||
r-devel-windows-x86_64 | 0.1.0 | 7.00 | 58.00 | 65.00 | OK | |
r-patched-linux-x86_64 | 0.1.0 | 3.28 | 34.83 | 38.11 | OK | |
r-release-linux-x86_64 | 0.1.0 | 3.54 | 34.69 | 38.23 | OK | |
r-release-macos-arm64 | 0.1.0 | 52.00 | OK | |||
r-release-macos-x86_64 | 0.1.0 | 102.00 | OK | |||
r-release-windows-x86_64 | 0.1.0 | 6.00 | 56.00 | 62.00 | OK | |
r-oldrel-macos-arm64 | 0.1.0 | 57.00 | OK | |||
r-oldrel-macos-x86_64 | 0.1.0 | 81.00 | OK | |||
r-oldrel-windows-x86_64 | 0.1.0 | 6.00 | 64.00 | 70.00 | OK |
Version: 0.1.0
Check: for detritus in the temp directory
Result: NOTE
Found the following files/directories:
‘Crashpad’
Flavors: r-devel-linux-x86_64-fedora-clang, r-devel-linux-x86_64-fedora-gcc