Last updated on 2023-01-28 02:57:30 CET.
Flavor | Version | Tinstall | Tcheck | Ttotal | Status | Flags |
---|---|---|---|---|---|---|
r-devel-linux-x86_64-debian-clang | 0.2.9.6 | 3.38 | 157.00 | 160.38 | OK | |
r-devel-linux-x86_64-debian-gcc | 0.2.9.6 | 2.78 | 115.67 | 118.45 | OK | |
r-devel-linux-x86_64-fedora-clang | 0.2.9.6 | 198.38 | NOTE | |||
r-devel-linux-x86_64-fedora-gcc | 0.2.9.6 | 203.50 | OK | |||
r-patched-linux-x86_64 | 0.2.9.6 | 10.13 | 150.57 | 160.70 | OK | |
r-release-linux-x86_64 | 0.2.9.6 | 4.68 | 119.14 | 123.82 | OK | |
r-release-macos-arm64 | 0.2.9.6 | 43.00 | OK | |||
r-release-macos-x86_64 | 0.2.9.6 | 64.00 | OK | |||
r-release-windows-x86_64 | 0.2.9.6 | 49.00 | 176.00 | 225.00 | OK | |
r-oldrel-macos-arm64 | 0.2.9.6 | 48.00 | OK | |||
r-oldrel-macos-x86_64 | 0.2.9.6 | 87.00 | OK | |||
r-oldrel-windows-ix86+x86_64 | 0.2.9.6 | 9.00 | 197.00 | 206.00 | OK |
Version: 0.2.9.6
Check: Rd cross-references
Result: NOTE
Undeclared package ‘qgraph’ in Rd xrefs
Flavor: r-devel-linux-x86_64-fedora-clang