CRAN Package Check Results for Package semdrw

Last updated on 2025-01-24 18:49:56 CET.

Flavor Version Tinstall Tcheck Ttotal Status Flags
r-devel-linux-x86_64-debian-clang 0.1.0 1.89 16.20 18.09 OK
r-devel-linux-x86_64-debian-gcc 0.1.0 1.51 13.79 15.30 OK
r-devel-linux-x86_64-fedora-clang 0.1.0 29.34 NOTE
r-devel-linux-x86_64-fedora-gcc 0.1.0 27.77 NOTE
r-devel-windows-x86_64 0.1.0 5.00 38.00 43.00 OK
r-patched-linux-x86_64 0.1.0 1.85 15.60 17.45 NOTE
r-release-linux-x86_64 0.1.0 1.69 15.58 17.27 NOTE
r-release-macos-arm64 0.1.0 15.00 NOTE
r-release-macos-x86_64 0.1.0 21.00 NOTE
r-release-windows-x86_64 0.1.0 4.00 39.00 43.00 NOTE
r-oldrel-macos-arm64 0.1.0 15.00 NOTE
r-oldrel-macos-x86_64 0.1.0 18.00 NOTE
r-oldrel-windows-x86_64 0.1.0 4.00 40.00 44.00 NOTE

Check Details

Version: 0.1.0
Check: dependencies in R code
Result: NOTE Namespaces in Imports field not imported from: ‘dplyr’ ‘lavaan’ ‘psych’ ‘semPlot’ ‘semTools’ ‘shinyAce’ All declared Imports should be used. Flavors: r-devel-linux-x86_64-fedora-clang, r-devel-linux-x86_64-fedora-gcc

Version: 0.1.0
Check: LazyData
Result: NOTE 'LazyData' is specified without a 'data' directory Flavors: r-patched-linux-x86_64, r-release-linux-x86_64, r-release-macos-arm64, r-release-macos-x86_64, r-release-windows-x86_64, r-oldrel-macos-arm64, r-oldrel-macos-x86_64, r-oldrel-windows-x86_64